NOAA-Style Climate Reports
Select a Year or Month report
2024: Jan Feb Mar Apr May Jun Jul Aug Sep Oct Nov Dec
2023: Jan Feb Mar Apr May Jun Jul Aug Sep Oct Nov Dec
2022: Jan Feb Mar Apr May Jun Jul Aug Sep Oct Nov Dec
2021: Jan Feb Mar Apr May Jun Jul Aug Sep Oct Nov Dec
2020: Jan Feb Mar Apr May Jun Jul Aug Sep Oct Nov Dec
2019: Jan Feb Mar Apr May Jun Jul Aug Sep Oct Nov Dec
2018: Jan Feb Mar Apr May Jun Jul Aug Sep Oct Nov Dec
2017: Jan Feb Mar Apr May Jun Jul Aug Sep Oct Nov Dec
2016: Jan Feb Mar Apr May Jun Jul Aug Sep Oct Nov Dec
2015: Jan Feb Mar Apr May Jun Jul Aug Sep Oct Nov Dec
2014: Jan Feb Mar Apr May Jun Jul Aug Sep Oct Nov Dec
2013: Jan Feb Mar Apr May Jun Jul Aug Sep Oct Nov Dec
2012: Jan Feb Mar Apr May Jun Jul Aug Sep Oct Nov Dec
2011: Jan Feb Mar Apr May Jun Jul Aug Sep Oct Nov Dec
2010: Jan Feb Mar Apr May Jun Jul Aug Sep Oct Nov Dec
2009: Jan Feb Mar Apr May Jun Jul Aug Sep Oct Nov Dec
2008: Jan Feb Mar Apr May Jun Jul Aug Sep Oct Nov Dec
2024: Jan Feb Mar Apr May Jun Jul Aug Sep Oct Nov Dec
2023: Jan Feb Mar Apr May Jun Jul Aug Sep Oct Nov Dec
2022: Jan Feb Mar Apr May Jun Jul Aug Sep Oct Nov Dec
2021: Jan Feb Mar Apr May Jun Jul Aug Sep Oct Nov Dec
2020: Jan Feb Mar Apr May Jun Jul Aug Sep Oct Nov Dec
2019: Jan Feb Mar Apr May Jun Jul Aug Sep Oct Nov Dec
2018: Jan Feb Mar Apr May Jun Jul Aug Sep Oct Nov Dec
2017: Jan Feb Mar Apr May Jun Jul Aug Sep Oct Nov Dec
2016: Jan Feb Mar Apr May Jun Jul Aug Sep Oct Nov Dec
2015: Jan Feb Mar Apr May Jun Jul Aug Sep Oct Nov Dec
2014: Jan Feb Mar Apr May Jun Jul Aug Sep Oct Nov Dec
2013: Jan Feb Mar Apr May Jun Jul Aug Sep Oct Nov Dec
2012: Jan Feb Mar Apr May Jun Jul Aug Sep Oct Nov Dec
2011: Jan Feb Mar Apr May Jun Jul Aug Sep Oct Nov Dec
2010: Jan Feb Mar Apr May Jun Jul Aug Sep Oct Nov Dec
2009: Jan Feb Mar Apr May Jun Jul Aug Sep Oct Nov Dec
2008: Jan Feb Mar Apr May Jun Jul Aug Sep Oct Nov Dec
Report for 2013 July
Monthly Climatological Summary for Jul 2013 Name: Garrymore Weather City: Geashill State: Offaly Elevation: 80 m Lat: N 53° 10' 05" Lon: W 007° 21' 37" Temperature (°C), Rain (mm), Wind Speed (km/h) Heat Cool Avg Mean Deg Deg Wind Dom Day Temp High Time Low Time Days Days Rain Speed High Time Dir ---------------------------------------------------------------------------------- 01 14.2 20.2 15:39 10.5 00:57 4.2 0.1 0.0 3.2 20.9 17:43 SSW 02 13.0 17.7 19:24 10.7 03:33 5.3 0.0 3.6 5.4 28.2 06:24 SE 03 15.4 20.4 15:50 11.2 03:09 3.1 0.2 0.0 3.9 20.9 09:12 S 04 15.7 18.2 12:44 10.3 23:45 2.6 0.0 0.3 5.9 39.3 08:56 S 05 16.9 26.2 19:39 8.1 03:49 3.5 2.2 0.0 3.6 19.4 15:50 SE 06 19.4 25.9 14:28 11.5 06:16 1.7 2.8 0.0 2.5 18.3 12:53 SE 07 20.3 28.5 18:50 15.1 05:40 0.8 2.9 0.0 1.1 12.2 00:17 WNW 08 23.8 34.5 19:53 13.0 04:46 1.3 6.7 0.0 0.2 9.8 12:07 SE 09 25.1 35.0 19:58 13.3 05:20 1.0 7.8 0.0 0.2 12.2 12:05 SE 10 24.1 33.3 19:35 13.5 05:47 0.8 6.6 0.0 0.5 11.1 14:09 WNW 11 23.8 34.1 19:39 12.7 05:21 1.1 6.6 0.0 0.5 14.8 09:20 E 12 23.9 33.5 20:03 11.7 05:26 1.4 7.1 0.0 0.9 12.2 13:44 SE 13 21.5 28.3 15:46 14.3 05:52 0.7 3.9 0.0 2.5 15.9 11:45 WNW 14 20.0 29.4 19:55 11.9 06:06 1.7 3.3 0.0 2.1 17.2 13:24 W 15 17.3 21.6 17:39 13.2 00:53 1.6 0.6 0.0 2.0 17.2 14:44 SW 16 20.2 26.2 17:08 15.5 05:59 0.7 2.6 0.0 1.2 13.3 12:04 SW 17 21.0 28.3 12:49 15.2 03:40 0.8 3.5 0.0 1.1 12.2 12:43 WNW 18 21.8 33.6 19:43 13.8 05:48 1.3 4.8 0.0 1.0 12.2 12:30 WNW 19 23.8 33.6 17:10 12.4 05:37 1.1 6.6 0.0 1.0 22.0 15:55 E 20 24.1 32.9 15:03 13.9 05:39 0.8 6.6 0.0 1.0 18.3 13:53 E 21 20.4 27.3 16:41 13.9 04:00 1.0 3.1 0.0 1.4 22.0 10:50 E 22 20.6 27.7 13:03 15.4 06:13 0.7 3.0 0.0 3.2 23.3 12:53 ESE 23 18.3 24.3 16:26 15.7 23:57 0.9 1.0 0.0 3.1 24.4 15:15 ESE 24 17.9 23.4 13:57 13.7 05:37 1.3 0.8 2.4 4.6 35.7 13:31 ESE 25 18.0 24.6 16:19 15.1 03:43 1.4 1.1 3.3 1.4 22.0 17:59 SW 26 17.6 25.2 09:36 11.4 06:07 2.3 1.6 4.8 2.4 20.9 18:12 ESE 27 16.6 25.9 09:58 10.8 03:52 2.5 0.8 0.3 1.9 28.2 14:46 ESE 28 17.4 24.6 12:11 10.9 04:11 2.5 1.6 2.7 3.1 23.3 12:16 SE 29 17.4 23.5 10:21 13.4 05:38 1.9 1.0 1.2 3.8 23.3 12:37 S 30 16.4 24.2 10:40 10.3 05:51 2.8 0.9 1.8 4.0 30.6 15:29 SSE 31 15.6 21.3 18:17 12.6 04:35 3.0 0.3 8.1 4.3 34.3 18:29 ESE ---------------------------------------------------------------------------------- 19.4 35.0 9 8.1 5 55.8 90.1 28.5 2.4 39.3 4 SSE Max >= 27.0 14 Max <= 0.0 0 Min <= 0.0 0 Min <= -18.0 0 Max Rain: 8.1 on day 31 Days of Rain: 10 (>= 0.2 mm) 6 (>= 2.0 mm) 0 (>= 20.0 mm) Heat Base: 18.3 Cool Base: 18.3 Method: Integration