NOAA-Style Climate Reports
Select a Year or Month report
2024: Jan Feb Mar Apr May Jun Jul Aug Sep Oct Nov Dec
2023: Jan Feb Mar Apr May Jun Jul Aug Sep Oct Nov Dec
2022: Jan Feb Mar Apr May Jun Jul Aug Sep Oct Nov Dec
2021: Jan Feb Mar Apr May Jun Jul Aug Sep Oct Nov Dec
2020: Jan Feb Mar Apr May Jun Jul Aug Sep Oct Nov Dec
2019: Jan Feb Mar Apr May Jun Jul Aug Sep Oct Nov Dec
2018: Jan Feb Mar Apr May Jun Jul Aug Sep Oct Nov Dec
2017: Jan Feb Mar Apr May Jun Jul Aug Sep Oct Nov Dec
2016: Jan Feb Mar Apr May Jun Jul Aug Sep Oct Nov Dec
2015: Jan Feb Mar Apr May Jun Jul Aug Sep Oct Nov Dec
2014: Jan Feb Mar Apr May Jun Jul Aug Sep Oct Nov Dec
2013: Jan Feb Mar Apr May Jun Jul Aug Sep Oct Nov Dec
2012: Jan Feb Mar Apr May Jun Jul Aug Sep Oct Nov Dec
2011: Jan Feb Mar Apr May Jun Jul Aug Sep Oct Nov Dec
2010: Jan Feb Mar Apr May Jun Jul Aug Sep Oct Nov Dec
2009: Jan Feb Mar Apr May Jun Jul Aug Sep Oct Nov Dec
2008: Jan Feb Mar Apr May Jun Jul Aug Sep Oct Nov Dec
2024: Jan Feb Mar Apr May Jun Jul Aug Sep Oct Nov Dec
2023: Jan Feb Mar Apr May Jun Jul Aug Sep Oct Nov Dec
2022: Jan Feb Mar Apr May Jun Jul Aug Sep Oct Nov Dec
2021: Jan Feb Mar Apr May Jun Jul Aug Sep Oct Nov Dec
2020: Jan Feb Mar Apr May Jun Jul Aug Sep Oct Nov Dec
2019: Jan Feb Mar Apr May Jun Jul Aug Sep Oct Nov Dec
2018: Jan Feb Mar Apr May Jun Jul Aug Sep Oct Nov Dec
2017: Jan Feb Mar Apr May Jun Jul Aug Sep Oct Nov Dec
2016: Jan Feb Mar Apr May Jun Jul Aug Sep Oct Nov Dec
2015: Jan Feb Mar Apr May Jun Jul Aug Sep Oct Nov Dec
2014: Jan Feb Mar Apr May Jun Jul Aug Sep Oct Nov Dec
2013: Jan Feb Mar Apr May Jun Jul Aug Sep Oct Nov Dec
2012: Jan Feb Mar Apr May Jun Jul Aug Sep Oct Nov Dec
2011: Jan Feb Mar Apr May Jun Jul Aug Sep Oct Nov Dec
2010: Jan Feb Mar Apr May Jun Jul Aug Sep Oct Nov Dec
2009: Jan Feb Mar Apr May Jun Jul Aug Sep Oct Nov Dec
2008: Jan Feb Mar Apr May Jun Jul Aug Sep Oct Nov Dec
Report for 2012 September
Monthly Climatological Summary for Sep 2012 Name: Garrymore Weather City: Geashill State: Offaly Elevation: 80 m Lat: N 53° 10' 05" Lon: W 007° 21' 37" Temperature (°C), Rain (mm), Wind Speed (km/h) Heat Cool Avg Mean Deg Deg Wind Dom Day Temp High Time Low Time Days Days Rain Speed High Time Dir ---------------------------------------------------------------------------------- 01 15.7 21.2 14:32 11.7 07:56 2.9 0.4 0.0 4.6 29.6 16:04 S 02 16.7 22.8 15:31 11.1 23:55 2.3 0.7 0.0 2.2 15.9 15:20 W 03 16.8 24.9 15:44 8.5 05:21 3.1 1.6 0.0 3.9 22.0 11:51 SSE 04 15.4 19.5 12:56 8.3 23:53 2.9 0.1 0.0 3.9 19.4 09:17 WNW 05 12.9 22.5 15:57 6.2 07:12 5.8 0.3 0.0 1.5 17.2 11:46 WNW 06 14.6 22.3 16:38 7.8 07:05 4.3 0.6 0.0 3.8 22.0 17:23 SSE 07 16.5 21.3 16:03 10.5 02:59 2.3 0.6 0.0 1.9 18.3 04:08 SSW 08 16.6 23.1 15:44 10.4 23:44 2.5 0.8 0.0 3.1 20.9 14:59 SE 09 15.5 21.5 16:09 10.2 00:35 3.1 0.3 0.3 5.5 33.2 13:46 SE 10 12.3 14.7 15:20 9.1 23:43 6.0 0.0 9.0 2.5 18.3 13:41 WSW 11 10.8 15.5 13:23 6.3 06:20 7.5 0.0 0.3 4.9 29.6 14:27 SW 12 12.1 17.9 12:41 6.6 23:21 6.2 0.0 0.6 5.2 30.6 11:32 W 13 12.0 18.3 15:26 4.8 03:41 6.3 0.0 0.0 6.0 31.7 16:23 S 14 13.8 18.4 16:25 9.4 23:24 4.5 0.0 0.0 6.2 30.6 01:55 WSW 15 13.3 17.3 13:30 10.9 03:49 5.0 0.0 0.0 3.1 23.3 16:13 S 16 12.5 17.2 13:30 8.7 23:59 5.8 0.0 3.6 4.8 30.6 16:00 S 17 10.8 16.0 15:06 6.9 04:24 7.5 0.0 1.5 5.4 30.6 16:21 S 18 9.4 14.2 15:36 4.9 23:48 8.9 0.0 0.3 4.4 36.7 11:32 W 19 9.6 20.1 16:00 2.4 05:10 8.7 0.0 0.3 2.1 19.4 12:22 SSW 20 12.0 15.8 14:54 9.4 03:36 6.3 0.0 1.2 3.3 22.0 15:49 SSE 21 11.2 19.5 14:25 3.4 23:57 7.1 0.0 9.9 0.4 12.2 02:49 NNW 22 7.3 16.1 14:59 0.2 04:52 11.0 0.0 0.0 1.3 24.4 16:16 ESE 23 8.1 16.9 16:05 1.1 07:00 10.2 0.0 0.0 1.3 22.0 16:38 E 24 8.4 10.9 11:16 4.5 19:48 9.9 0.0 9.0 3.6 22.0 17:00 NW 25 8.7 10.4 20:51 3.9 03:32 9.6 0.0 12.0 6.7 31.7 19:07 NW 26 11.4 16.5 16:00 8.7 06:03 6.9 0.0 3.9 7.6 45.4 04:37 NW 27 10.5 16.3 13:41 6.9 02:12 7.8 0.0 0.0 3.9 23.3 21:46 SSW 28 11.5 18.3 15:17 7.6 23:50 6.8 0.0 0.0 4.8 34.3 16:41 SSW 29 10.7 15.2 13:36 6.2 05:13 7.6 0.0 0.0 3.6 20.9 11:43 S 30 13.0 18.2 15:52 9.5 22:28 5.3 0.0 3.9 6.7 29.6 02:39 SSE ---------------------------------------------------------------------------------- 12.3 24.9 3 0.2 22 184.1 5.4 55.8 3.9 45.4 26 SSW Max >= 27.0 0 Max <= 0.0 0 Min <= 0.0 0 Min <= -18.0 0 Max Rain: 12.0 on day 25 Days of Rain: 14 (>= 0.2 mm) 7 (>= 2.0 mm) 0 (>= 20.0 mm) Heat Base: 18.3 Cool Base: 18.3 Method: Integration