NOAA-Style Climate Reports
Select a Year or Month report
2024: Jan Feb Mar Apr May Jun Jul Aug Sep Oct Nov Dec
2023: Jan Feb Mar Apr May Jun Jul Aug Sep Oct Nov Dec
2022: Jan Feb Mar Apr May Jun Jul Aug Sep Oct Nov Dec
2021: Jan Feb Mar Apr May Jun Jul Aug Sep Oct Nov Dec
2020: Jan Feb Mar Apr May Jun Jul Aug Sep Oct Nov Dec
2019: Jan Feb Mar Apr May Jun Jul Aug Sep Oct Nov Dec
2018: Jan Feb Mar Apr May Jun Jul Aug Sep Oct Nov Dec
2017: Jan Feb Mar Apr May Jun Jul Aug Sep Oct Nov Dec
2016: Jan Feb Mar Apr May Jun Jul Aug Sep Oct Nov Dec
2015: Jan Feb Mar Apr May Jun Jul Aug Sep Oct Nov Dec
2014: Jan Feb Mar Apr May Jun Jul Aug Sep Oct Nov Dec
2013: Jan Feb Mar Apr May Jun Jul Aug Sep Oct Nov Dec
2012: Jan Feb Mar Apr May Jun Jul Aug Sep Oct Nov Dec
2011: Jan Feb Mar Apr May Jun Jul Aug Sep Oct Nov Dec
2010: Jan Feb Mar Apr May Jun Jul Aug Sep Oct Nov Dec
2009: Jan Feb Mar Apr May Jun Jul Aug Sep Oct Nov Dec
2008: Jan Feb Mar Apr May Jun Jul Aug Sep Oct Nov Dec
2024: Jan Feb Mar Apr May Jun Jul Aug Sep Oct Nov Dec
2023: Jan Feb Mar Apr May Jun Jul Aug Sep Oct Nov Dec
2022: Jan Feb Mar Apr May Jun Jul Aug Sep Oct Nov Dec
2021: Jan Feb Mar Apr May Jun Jul Aug Sep Oct Nov Dec
2020: Jan Feb Mar Apr May Jun Jul Aug Sep Oct Nov Dec
2019: Jan Feb Mar Apr May Jun Jul Aug Sep Oct Nov Dec
2018: Jan Feb Mar Apr May Jun Jul Aug Sep Oct Nov Dec
2017: Jan Feb Mar Apr May Jun Jul Aug Sep Oct Nov Dec
2016: Jan Feb Mar Apr May Jun Jul Aug Sep Oct Nov Dec
2015: Jan Feb Mar Apr May Jun Jul Aug Sep Oct Nov Dec
2014: Jan Feb Mar Apr May Jun Jul Aug Sep Oct Nov Dec
2013: Jan Feb Mar Apr May Jun Jul Aug Sep Oct Nov Dec
2012: Jan Feb Mar Apr May Jun Jul Aug Sep Oct Nov Dec
2011: Jan Feb Mar Apr May Jun Jul Aug Sep Oct Nov Dec
2010: Jan Feb Mar Apr May Jun Jul Aug Sep Oct Nov Dec
2009: Jan Feb Mar Apr May Jun Jul Aug Sep Oct Nov Dec
2008: Jan Feb Mar Apr May Jun Jul Aug Sep Oct Nov Dec
Report for 2012 March
Monthly Climatological Summary for Mar 2012 Name: Garrymore Weather City: Geashill State: Offaly Elevation: 80 m Lat: N 53° 10' 05" Lon: W 007° 21' 37" Temperature (°C), Rain (mm), Wind Speed (km/h) Heat Cool Avg Mean Deg Deg Wind Dom Day Temp High Time Low Time Days Days Rain Speed High Time Dir ---------------------------------------------------------------------------------- 01 8.7 13.8 12:56 3.7 20:37 9.6 0.0 0.0 6.0 30.6 12:04 SSE 02 8.1 11.7 15:19 5.3 06:48 10.2 0.0 0.0 8.6 39.3 14:25 SE 03 7.0 12.1 15:06 2.6 22:57 11.3 0.0 3.6 5.8 31.7 03:09 SSE 04 2.9 7.8 14:38 -0.5 07:29 15.4 0.0 0.3 5.6 37.8 14:57 WNW 05 4.4 11.1 14:35 -0.4 07:22 13.9 0.0 0.0 3.2 19.4 10:20 WNW 06 5.6 11.2 23:01 -0.1 01:27 12.7 0.0 2.1 9.2 39.3 14:04 SE 07 6.6 11.1 02:16 3.2 20:19 11.7 0.0 1.5 9.1 43.0 14:51 WSW 08 8.1 14.0 15:38 3.6 01:19 10.2 0.0 0.0 5.5 28.2 13:15 S 09 10.4 14.0 12:49 7.6 01:49 7.9 0.0 0.0 6.7 28.2 12:49 SSW 10 10.6 13.5 13:42 9.1 23:34 7.7 0.0 0.0 4.5 23.3 08:16 WSW 11 9.4 12.5 15:18 6.8 06:57 8.9 0.0 0.0 1.7 13.3 15:03 SW 12 9.8 13.8 14:54 7.8 06:43 8.5 0.0 0.0 1.6 12.2 11:54 SE 13 7.5 9.9 15:31 4.9 21:28 10.8 0.0 0.0 1.5 12.2 12:12 SE 14 7.6 11.2 15:23 5.2 05:37 10.7 0.0 0.0 4.7 20.9 09:59 SE 15 8.9 12.8 11:48 5.9 05:44 9.3 0.0 0.0 6.3 35.7 22:30 SE 16 8.2 10.0 00:42 1.7 23:57 10.1 0.0 4.2 4.9 33.2 03:46 SSE 17 4.7 12.6 13:33 -0.7 04:54 13.6 0.0 2.1 1.3 20.9 14:12 NE 18 5.2 12.2 15:53 -0.5 06:22 13.1 0.0 0.0 3.8 22.0 11:59 WNW 19 6.8 12.6 13:13 -1.0 02:46 11.5 0.0 0.0 5.7 29.6 12:10 S 20 9.0 13.7 14:09 5.3 04:35 9.3 0.0 0.0 6.1 23.3 14:24 SSE 21 8.5 10.8 14:34 3.9 23:56 9.8 0.0 0.0 4.5 22.0 12:32 SE 22 7.8 16.0 15:52 -0.9 05:55 10.5 0.0 0.6 2.9 33.2 16:51 E 23 8.5 13.9 15:23 4.1 06:46 9.8 0.0 0.9 4.9 29.6 18:53 E 24 10.7 19.1 14:35 2.3 05:43 7.6 0.0 0.0 4.9 37.8 15:04 ESE 25 12.7 21.9 16:19 6.0 23:58 6.1 0.4 0.0 4.2 27.0 06:40 ESE 26 9.9 19.8 15:51 -0.2 06:45 8.5 0.1 0.0 2.9 24.4 12:00 E 27 10.9 21.6 15:31 0.6 07:24 7.9 0.5 0.0 2.2 22.0 15:44 ESE 28 10.2 21.8 15:58 -1.0 07:04 8.6 0.4 0.0 0.7 12.2 16:33 NW 29 9.7 18.2 15:13 2.6 05:57 8.6 0.0 0.0 2.6 17.2 17:15 WNW 30 8.9 11.7 16:38 4.9 00:30 9.4 0.0 0.0 5.6 22.0 17:07 NW 31 8.8 12.3 15:59 3.2 23:57 9.5 0.0 0.0 4.1 20.9 02:54 NW ---------------------------------------------------------------------------------- 8.3 21.9 25 -1.0 19 312.7 1.4 15.3 4.6 43.0 7 SSE Max >= 27.0 0 Max <= 0.0 0 Min <= 0.0 9 Min <= -18.0 0 Max Rain: 4.2 on day 16 Days of Rain: 8 (>= 0.2 mm) 4 (>= 2.0 mm) 0 (>= 20.0 mm) Heat Base: 18.3 Cool Base: 18.3 Method: Integration