NOAA-Style Climate Reports
Select a Year or Month report
2024: Jan Feb Mar Apr May Jun Jul Aug Sep Oct Nov Dec
2023: Jan Feb Mar Apr May Jun Jul Aug Sep Oct Nov Dec
2022: Jan Feb Mar Apr May Jun Jul Aug Sep Oct Nov Dec
2021: Jan Feb Mar Apr May Jun Jul Aug Sep Oct Nov Dec
2020: Jan Feb Mar Apr May Jun Jul Aug Sep Oct Nov Dec
2019: Jan Feb Mar Apr May Jun Jul Aug Sep Oct Nov Dec
2018: Jan Feb Mar Apr May Jun Jul Aug Sep Oct Nov Dec
2017: Jan Feb Mar Apr May Jun Jul Aug Sep Oct Nov Dec
2016: Jan Feb Mar Apr May Jun Jul Aug Sep Oct Nov Dec
2015: Jan Feb Mar Apr May Jun Jul Aug Sep Oct Nov Dec
2014: Jan Feb Mar Apr May Jun Jul Aug Sep Oct Nov Dec
2013: Jan Feb Mar Apr May Jun Jul Aug Sep Oct Nov Dec
2012: Jan Feb Mar Apr May Jun Jul Aug Sep Oct Nov Dec
2011: Jan Feb Mar Apr May Jun Jul Aug Sep Oct Nov Dec
2010: Jan Feb Mar Apr May Jun Jul Aug Sep Oct Nov Dec
2009: Jan Feb Mar Apr May Jun Jul Aug Sep Oct Nov Dec
2008: Jan Feb Mar Apr May Jun Jul Aug Sep Oct Nov Dec
2024: Jan Feb Mar Apr May Jun Jul Aug Sep Oct Nov Dec
2023: Jan Feb Mar Apr May Jun Jul Aug Sep Oct Nov Dec
2022: Jan Feb Mar Apr May Jun Jul Aug Sep Oct Nov Dec
2021: Jan Feb Mar Apr May Jun Jul Aug Sep Oct Nov Dec
2020: Jan Feb Mar Apr May Jun Jul Aug Sep Oct Nov Dec
2019: Jan Feb Mar Apr May Jun Jul Aug Sep Oct Nov Dec
2018: Jan Feb Mar Apr May Jun Jul Aug Sep Oct Nov Dec
2017: Jan Feb Mar Apr May Jun Jul Aug Sep Oct Nov Dec
2016: Jan Feb Mar Apr May Jun Jul Aug Sep Oct Nov Dec
2015: Jan Feb Mar Apr May Jun Jul Aug Sep Oct Nov Dec
2014: Jan Feb Mar Apr May Jun Jul Aug Sep Oct Nov Dec
2013: Jan Feb Mar Apr May Jun Jul Aug Sep Oct Nov Dec
2012: Jan Feb Mar Apr May Jun Jul Aug Sep Oct Nov Dec
2011: Jan Feb Mar Apr May Jun Jul Aug Sep Oct Nov Dec
2010: Jan Feb Mar Apr May Jun Jul Aug Sep Oct Nov Dec
2009: Jan Feb Mar Apr May Jun Jul Aug Sep Oct Nov Dec
2008: Jan Feb Mar Apr May Jun Jul Aug Sep Oct Nov Dec
Report for 2011 December
Monthly Climatological Summary for Dec 2011 Name: Garrymore Weather City: Geashill State: Offaly Elevation: 80 m Lat: N 53° 10' 05" Lon: W 007° 21' 37" Temperature (°C), Rain (mm), Wind Speed (km/h) Heat Cool Avg Mean Deg Deg Wind Dom Day Temp High Time Low Time Days Days Rain Speed High Time Dir ---------------------------------------------------------------------------------- 01 2.5 11.7 13:22 -2.6 22:32 15.8 0.0 0.9 2.6 29.6 01:00 S 02 3.2 9.5 22:14 -2.7 01:27 15.1 0.0 2.4 6.0 43.0 22:56 S 03 6.6 9.3 12:13 4.8 23:56 11.7 0.0 0.3 7.9 43.0 00:47 W 04 3.3 5.4 10:50 0.5 21:15 15.0 0.0 3.3 6.0 27.0 03:10 WSW 05 2.4 5.3 13:48 0.6 00:00 15.9 0.0 0.3 6.6 30.6 11:50 WSW 06 4.5 6.9 21:23 2.3 03:59 13.8 0.0 2.1 6.9 34.3 23:14 SW 07 3.9 7.9 13:41 1.3 21:46 14.4 0.0 1.8 8.0 43.9 05:29 WSW 08 5.5 10.5 09:26 0.5 22:39 12.8 0.0 9.0 12.1 55.2 06:55 SSW 09 1.8 5.0 14:33 -1.6 22:32 16.5 0.0 0.0 4.0 27.0 01:15 SW 10 2.1 6.1 22:35 -2.9 01:38 16.2 0.0 0.0 5.8 30.6 22:42 SSE 11 3.6 7.0 01:33 -0.5 21:49 14.7 0.0 1.8 4.5 30.6 12:37 SSE 12 4.2 8.6 18:08 1.2 09:15 14.1 0.0 9.3 8.7 48.0 19:34 S 13 2.2 4.5 00:07 0.6 09:00 16.1 0.0 4.2 12.4 51.5 14:31 S 14 1.5 3.7 12:29 0.6 03:21 16.8 0.0 0.6 6.7 34.3 07:50 S 15 1.6 6.0 13:09 -3.4 23:26 16.7 0.0 2.4 4.2 31.7 09:15 SW 16 0.7 4.4 22:25 -4.1 02:10 17.6 0.0 1.2 5.5 35.7 21:36 WNW 17 1.3 5.1 13:43 -1.1 20:25 17.0 0.0 1.2 5.8 25.6 11:56 WNW 18 1.9 4.9 13:02 -0.7 01:18 16.4 0.0 0.3 3.0 15.9 13:16 W 19 5.8 9.9 13:38 0.1 00:23 12.5 0.0 3.6 8.1 30.6 14:29 WSW 20 6.4 10.8 22:21 4.3 07:10 11.9 0.0 5.7 5.7 28.2 23:40 SW 21 10.4 13.0 01:24 9.6 08:55 7.9 0.0 0.0 7.1 31.7 06:12 WSW 22 9.9 11.2 14:48 7.5 06:29 8.4 0.0 0.0 8.4 34.3 16:45 SSE 23 5.4 10.4 00:29 1.0 19:42 12.9 0.0 2.1 5.9 34.3 00:36 W 24 7.0 9.9 23:34 3.2 00:13 11.3 0.0 0.3 9.2 39.3 14:19 S 25 11.4 13.2 11:50 9.8 00:35 6.9 0.0 0.3 10.6 43.0 14:40 S 26 10.5 11.8 11:52 8.7 23:09 7.8 0.0 0.0 9.1 36.7 14:16 SSE 27 8.8 11.0 02:33 7.3 22:07 9.5 0.0 5.4 9.3 50.0 21:13 SSE 28 4.9 8.0 00:00 2.9 20:37 13.4 0.0 4.5 10.0 45.4 15:35 WSW 29 6.5 8.6 11:40 4.5 00:00 6.0 0.0 7.2 11.4 46.5 08:12 W ---------------------------------------------------------------------------------- 4.8 13.2 25 -4.1 16 385.1 0.0 70.2 7.2 55.2 8 SSW Max >= 27.0 0 Max <= 0.0 0 Min <= 0.0 9 Min <= -18.0 0 Max Rain: 9.3 on day 12 Days of Rain: 24 (>= 0.2 mm) 13 (>= 2.0 mm) 0 (>= 20.0 mm) Heat Base: 18.3 Cool Base: 18.3 Method: Integration