NOAA-Style Climate Reports
Select a Year or Month report
2024: Jan Feb Mar Apr May Jun Jul Aug Sep Oct Nov Dec
2023: Jan Feb Mar Apr May Jun Jul Aug Sep Oct Nov Dec
2022: Jan Feb Mar Apr May Jun Jul Aug Sep Oct Nov Dec
2021: Jan Feb Mar Apr May Jun Jul Aug Sep Oct Nov Dec
2020: Jan Feb Mar Apr May Jun Jul Aug Sep Oct Nov Dec
2019: Jan Feb Mar Apr May Jun Jul Aug Sep Oct Nov Dec
2018: Jan Feb Mar Apr May Jun Jul Aug Sep Oct Nov Dec
2017: Jan Feb Mar Apr May Jun Jul Aug Sep Oct Nov Dec
2016: Jan Feb Mar Apr May Jun Jul Aug Sep Oct Nov Dec
2015: Jan Feb Mar Apr May Jun Jul Aug Sep Oct Nov Dec
2014: Jan Feb Mar Apr May Jun Jul Aug Sep Oct Nov Dec
2013: Jan Feb Mar Apr May Jun Jul Aug Sep Oct Nov Dec
2012: Jan Feb Mar Apr May Jun Jul Aug Sep Oct Nov Dec
2011: Jan Feb Mar Apr May Jun Jul Aug Sep Oct Nov Dec
2010: Jan Feb Mar Apr May Jun Jul Aug Sep Oct Nov Dec
2009: Jan Feb Mar Apr May Jun Jul Aug Sep Oct Nov Dec
2008: Jan Feb Mar Apr May Jun Jul Aug Sep Oct Nov Dec
2024: Jan Feb Mar Apr May Jun Jul Aug Sep Oct Nov Dec
2023: Jan Feb Mar Apr May Jun Jul Aug Sep Oct Nov Dec
2022: Jan Feb Mar Apr May Jun Jul Aug Sep Oct Nov Dec
2021: Jan Feb Mar Apr May Jun Jul Aug Sep Oct Nov Dec
2020: Jan Feb Mar Apr May Jun Jul Aug Sep Oct Nov Dec
2019: Jan Feb Mar Apr May Jun Jul Aug Sep Oct Nov Dec
2018: Jan Feb Mar Apr May Jun Jul Aug Sep Oct Nov Dec
2017: Jan Feb Mar Apr May Jun Jul Aug Sep Oct Nov Dec
2016: Jan Feb Mar Apr May Jun Jul Aug Sep Oct Nov Dec
2015: Jan Feb Mar Apr May Jun Jul Aug Sep Oct Nov Dec
2014: Jan Feb Mar Apr May Jun Jul Aug Sep Oct Nov Dec
2013: Jan Feb Mar Apr May Jun Jul Aug Sep Oct Nov Dec
2012: Jan Feb Mar Apr May Jun Jul Aug Sep Oct Nov Dec
2011: Jan Feb Mar Apr May Jun Jul Aug Sep Oct Nov Dec
2010: Jan Feb Mar Apr May Jun Jul Aug Sep Oct Nov Dec
2009: Jan Feb Mar Apr May Jun Jul Aug Sep Oct Nov Dec
2008: Jan Feb Mar Apr May Jun Jul Aug Sep Oct Nov Dec
Report for 2011 November
Monthly Climatological Summary for Nov 2011 Name: Garrymore Weather City: Geashill State: Offaly Elevation: 80 m Lat: N 53° 10' 05" Lon: W 007° 21' 37" Temperature (°C), Rain (mm), Wind Speed (km/h) Heat Cool Avg Mean Deg Deg Wind Dom Day Temp High Time Low Time Days Days Rain Speed High Time Dir ---------------------------------------------------------------------------------- 01 8.1 13.0 13:39 3.1 07:24 10.2 0.0 0.0 6.6 40.4 23:48 SE 02 12.4 14.0 22:42 11.2 16:42 5.9 0.0 11.4 13.7 55.2 01:08 SE 03 11.6 15.1 12:28 8.2 23:40 6.7 0.0 4.8 7.1 40.4 09:39 SE 04 7.1 13.9 13:40 0.8 23:56 11.2 0.0 0.3 0.9 14.8 13:00 SSW 05 3.3 13.6 03:50 -1.4 07:12 15.0 0.0 0.0 1.2 15.9 14:11 WNW 06 2.9 11.8 15:04 -3.9 06:38 15.4 0.0 0.3 1.7 18.3 12:11 SE 07 4.1 11.4 13:55 -2.7 07:50 14.2 0.0 0.3 2.1 20.9 12:53 ESE 08 9.1 11.7 16:04 6.9 00:00 9.2 0.0 0.3 5.7 24.4 14:56 E 09 10.6 14.5 13:01 6.5 22:57 7.7 0.0 5.1 5.1 30.6 05:16 ESE 10 9.2 14.8 13:12 5.4 02:37 9.1 0.0 0.3 3.3 27.0 11:08 ESE 11 11.5 14.2 14:16 9.2 16:23 6.8 0.0 11.1 12.2 48.0 09:51 ESE 12 8.8 13.5 14:35 5.5 07:16 9.5 0.0 0.0 3.6 28.2 02:42 SE 13 12.8 16.3 13:04 9.1 00:00 5.5 0.0 0.0 7.1 34.3 11:56 E 14 11.1 13.4 10:16 8.9 20:17 7.2 0.0 0.0 5.3 28.2 11:03 ESE 15 9.0 14.1 14:43 4.8 21:33 9.3 0.0 0.0 3.7 22.0 11:04 E 16 8.7 12.1 14:10 4.8 23:48 9.6 0.0 0.3 3.9 28.2 08:37 E 17 8.9 12.0 18:22 4.2 04:52 9.4 0.0 9.6 11.2 52.6 12:15 SE 18 11.9 16.2 05:45 11.0 06:12 6.4 0.0 3.9 10.1 39.3 12:25 SE 19 10.7 11.6 01:08 8.4 20:17 7.6 0.0 10.5 3.7 28.2 02:56 ESE 20 10.1 13.0 12:07 7.3 06:27 8.1 0.0 0.0 3.1 19.4 12:30 SE 21 7.9 10.8 00:26 5.3 23:53 10.3 0.0 3.9 3.3 18.3 19:16 W 22 4.5 10.1 15:28 -0.7 07:51 13.8 0.0 0.3 4.5 31.7 22:54 SSE 23 9.7 14.9 10:51 6.9 00:00 8.6 0.0 0.3 10.1 30.6 04:28 SSE 24 10.2 11.9 12:56 6.1 22:41 8.1 0.0 13.8 12.2 52.6 13:11 SSE 25 6.0 9.5 13:20 3.7 07:20 12.3 0.0 0.9 6.6 37.8 09:11 S 26 10.6 13.8 14:26 6.2 00:00 7.7 0.0 0.0 10.2 39.3 21:19 S 27 6.9 12.5 00:23 2.5 19:19 11.4 0.0 3.6 6.6 43.0 02:23 SW 28 8.9 11.8 18:44 5.1 00:00 9.4 0.0 3.3 10.8 54.1 12:05 SSE 29 6.8 12.1 05:38 2.5 22:01 11.5 0.0 24.0 11.6 52.6 07:03 S 30 5.8 14.1 13:22 2.1 01:35 12.5 0.0 7.8 12.9 51.5 18:13 SSE ---------------------------------------------------------------------------------- 8.6 16.3 13 -3.9 6 289.6 0.0 116.1 6.7 55.2 2 SE Max >= 27.0 0 Max <= 0.0 0 Min <= 0.0 4 Min <= -18.0 0 Max Rain: 24.0 on day 29 Days of Rain: 22 (>= 0.2 mm) 13 (>= 2.0 mm) 1 (>= 20.0 mm) Heat Base: 18.3 Cool Base: 18.3 Method: Integration