NOAA-Style Climate Reports
Select a Year or Month report
2024: Jan Feb Mar Apr May Jun Jul Aug Sep Oct Nov Dec
2023: Jan Feb Mar Apr May Jun Jul Aug Sep Oct Nov Dec
2022: Jan Feb Mar Apr May Jun Jul Aug Sep Oct Nov Dec
2021: Jan Feb Mar Apr May Jun Jul Aug Sep Oct Nov Dec
2020: Jan Feb Mar Apr May Jun Jul Aug Sep Oct Nov Dec
2019: Jan Feb Mar Apr May Jun Jul Aug Sep Oct Nov Dec
2018: Jan Feb Mar Apr May Jun Jul Aug Sep Oct Nov Dec
2017: Jan Feb Mar Apr May Jun Jul Aug Sep Oct Nov Dec
2016: Jan Feb Mar Apr May Jun Jul Aug Sep Oct Nov Dec
2015: Jan Feb Mar Apr May Jun Jul Aug Sep Oct Nov Dec
2014: Jan Feb Mar Apr May Jun Jul Aug Sep Oct Nov Dec
2013: Jan Feb Mar Apr May Jun Jul Aug Sep Oct Nov Dec
2012: Jan Feb Mar Apr May Jun Jul Aug Sep Oct Nov Dec
2011: Jan Feb Mar Apr May Jun Jul Aug Sep Oct Nov Dec
2010: Jan Feb Mar Apr May Jun Jul Aug Sep Oct Nov Dec
2009: Jan Feb Mar Apr May Jun Jul Aug Sep Oct Nov Dec
2008: Jan Feb Mar Apr May Jun Jul Aug Sep Oct Nov Dec
2024: Jan Feb Mar Apr May Jun Jul Aug Sep Oct Nov Dec
2023: Jan Feb Mar Apr May Jun Jul Aug Sep Oct Nov Dec
2022: Jan Feb Mar Apr May Jun Jul Aug Sep Oct Nov Dec
2021: Jan Feb Mar Apr May Jun Jul Aug Sep Oct Nov Dec
2020: Jan Feb Mar Apr May Jun Jul Aug Sep Oct Nov Dec
2019: Jan Feb Mar Apr May Jun Jul Aug Sep Oct Nov Dec
2018: Jan Feb Mar Apr May Jun Jul Aug Sep Oct Nov Dec
2017: Jan Feb Mar Apr May Jun Jul Aug Sep Oct Nov Dec
2016: Jan Feb Mar Apr May Jun Jul Aug Sep Oct Nov Dec
2015: Jan Feb Mar Apr May Jun Jul Aug Sep Oct Nov Dec
2014: Jan Feb Mar Apr May Jun Jul Aug Sep Oct Nov Dec
2013: Jan Feb Mar Apr May Jun Jul Aug Sep Oct Nov Dec
2012: Jan Feb Mar Apr May Jun Jul Aug Sep Oct Nov Dec
2011: Jan Feb Mar Apr May Jun Jul Aug Sep Oct Nov Dec
2010: Jan Feb Mar Apr May Jun Jul Aug Sep Oct Nov Dec
2009: Jan Feb Mar Apr May Jun Jul Aug Sep Oct Nov Dec
2008: Jan Feb Mar Apr May Jun Jul Aug Sep Oct Nov Dec
Report for 2011 September
Monthly Climatological Summary for Sep 2011 Name: Garrymore Weather City: Geashill State: Offaly Elevation: 80 m Lat: N 53° 10' 05" Lon: W 007° 21' 37" Temperature (°C), Rain (mm), Wind Speed (km/h) Heat Cool Avg Mean Deg Deg Wind Dom Day Temp High Time Low Time Days Days Rain Speed High Time Dir ---------------------------------------------------------------------------------- 01 14.3 21.3 12:49 6.2 03:10 4.4 0.4 0.0 4.5 27.8 19:45 SE 02 15.4 20.0 16:38 12.8 07:11 3.0 0.1 2.7 5.1 31.5 23:10 SSE 03 13.9 17.2 17:33 6.8 23:46 4.4 0.0 6.3 4.3 38.9 00:15 SSE 04 10.4 17.5 16:24 6.2 06:54 7.9 0.0 2.7 5.0 27.8 17:27 SE 05 12.0 16.8 10:27 8.1 03:21 6.3 0.0 5.1 6.5 31.5 23:31 S 06 13.3 16.4 16:04 11.2 09:04 5.0 0.0 3.9 10.0 42.6 15:53 SSW 07 11.7 14.9 09:45 10.4 21:52 6.6 0.0 4.5 5.8 27.8 02:24 SSW 08 14.3 19.3 14:14 11.2 00:00 4.0 0.0 0.6 3.4 24.1 09:42 SSW 09 16.8 22.0 14:03 14.1 00:17 1.9 0.4 0.6 6.4 29.6 19:10 SE 10 15.9 20.2 13:57 11.2 23:10 2.5 0.1 13.5 11.8 44.4 15:47 SE 11 12.7 16.0 14:28 10.3 02:35 5.6 0.0 3.9 9.6 37.0 10:18 SSE 12 14.1 16.7 15:14 11.4 20:48 4.2 0.0 24.0 12.0 50.0 08:37 SSW 13 11.7 15.6 14:57 9.3 21:09 6.6 0.0 14.1 8.7 42.6 14:11 SSW 14 11.7 17.1 13:03 7.8 04:40 6.6 0.0 0.0 2.8 24.1 10:44 SW 15 12.7 18.9 17:40 8.9 02:49 5.6 0.0 0.0 2.9 20.4 11:57 SE 16 13.2 19.2 14:36 10.6 08:10 5.1 0.0 0.3 5.5 31.5 17:20 SSE 17 11.3 15.2 16:47 9.2 07:23 7.0 0.0 16.2 5.8 27.8 15:10 SW 18 12.2 16.9 16:07 10.3 04:34 6.1 0.0 6.0 8.2 42.6 13:44 WNW 19 13.5 18.8 13:54 9.7 05:12 4.8 0.0 5.1 5.5 29.6 11:00 S 20 11.2 15.3 14:29 6.7 05:28 7.2 0.0 0.3 4.0 22.2 10:59 S 21 10.9 15.4 16:56 7.8 01:53 7.4 0.0 60.3 7.8 42.6 13:38 SSE 22 11.9 17.3 13:53 8.0 06:35 6.4 0.0 0.3 3.2 24.1 13:32 S 23 13.2 16.7 13:39 10.2 01:28 5.1 0.0 0.0 8.4 40.7 13:41 SE 24 13.3 19.8 16:19 8.2 07:45 5.0 0.1 0.0 5.5 24.1 13:30 SSE 25 13.0 17.4 14:20 10.3 23:08 5.3 0.0 12.9 6.2 38.9 13:58 SE 26 11.2 16.8 15:49 5.5 07:11 7.1 0.0 0.0 4.5 24.1 15:49 SE 27 15.2 22.1 14:37 10.9 22:52 3.5 0.3 0.0 9.3 42.6 19:33 SE 28 16.3 21.3 15:36 13.2 01:52 2.5 0.5 0.0 8.7 35.2 08:33 SE 29 16.2 20.8 14:54 13.8 07:40 2.3 0.2 0.0 9.0 33.3 04:59 SE 30 14.3 18.8 14:40 12.8 20:27 4.0 0.0 24.9 4.9 27.8 07:43 SE ---------------------------------------------------------------------------------- 13.3 22.1 27 5.5 26 153.4 2.1 208.2 6.5 50.0 12 SSE Max >= 27.0 0 Max <= 0.0 0 Min <= 0.0 0 Min <= -18.0 0 Max Rain: 60.3 on day 21 Days of Rain: 21 (>= 0.2 mm) 16 (>= 2.0 mm) 3 (>= 20.0 mm) Heat Base: 18.3 Cool Base: 18.3 Method: Integration