NOAA-Style Climate Reports
Select a Year or Month report
2024: Jan Feb Mar Apr May Jun Jul Aug Sep Oct Nov Dec
2023: Jan Feb Mar Apr May Jun Jul Aug Sep Oct Nov Dec
2022: Jan Feb Mar Apr May Jun Jul Aug Sep Oct Nov Dec
2021: Jan Feb Mar Apr May Jun Jul Aug Sep Oct Nov Dec
2020: Jan Feb Mar Apr May Jun Jul Aug Sep Oct Nov Dec
2019: Jan Feb Mar Apr May Jun Jul Aug Sep Oct Nov Dec
2018: Jan Feb Mar Apr May Jun Jul Aug Sep Oct Nov Dec
2017: Jan Feb Mar Apr May Jun Jul Aug Sep Oct Nov Dec
2016: Jan Feb Mar Apr May Jun Jul Aug Sep Oct Nov Dec
2015: Jan Feb Mar Apr May Jun Jul Aug Sep Oct Nov Dec
2014: Jan Feb Mar Apr May Jun Jul Aug Sep Oct Nov Dec
2013: Jan Feb Mar Apr May Jun Jul Aug Sep Oct Nov Dec
2012: Jan Feb Mar Apr May Jun Jul Aug Sep Oct Nov Dec
2011: Jan Feb Mar Apr May Jun Jul Aug Sep Oct Nov Dec
2010: Jan Feb Mar Apr May Jun Jul Aug Sep Oct Nov Dec
2009: Jan Feb Mar Apr May Jun Jul Aug Sep Oct Nov Dec
2008: Jan Feb Mar Apr May Jun Jul Aug Sep Oct Nov Dec
2024: Jan Feb Mar Apr May Jun Jul Aug Sep Oct Nov Dec
2023: Jan Feb Mar Apr May Jun Jul Aug Sep Oct Nov Dec
2022: Jan Feb Mar Apr May Jun Jul Aug Sep Oct Nov Dec
2021: Jan Feb Mar Apr May Jun Jul Aug Sep Oct Nov Dec
2020: Jan Feb Mar Apr May Jun Jul Aug Sep Oct Nov Dec
2019: Jan Feb Mar Apr May Jun Jul Aug Sep Oct Nov Dec
2018: Jan Feb Mar Apr May Jun Jul Aug Sep Oct Nov Dec
2017: Jan Feb Mar Apr May Jun Jul Aug Sep Oct Nov Dec
2016: Jan Feb Mar Apr May Jun Jul Aug Sep Oct Nov Dec
2015: Jan Feb Mar Apr May Jun Jul Aug Sep Oct Nov Dec
2014: Jan Feb Mar Apr May Jun Jul Aug Sep Oct Nov Dec
2013: Jan Feb Mar Apr May Jun Jul Aug Sep Oct Nov Dec
2012: Jan Feb Mar Apr May Jun Jul Aug Sep Oct Nov Dec
2011: Jan Feb Mar Apr May Jun Jul Aug Sep Oct Nov Dec
2010: Jan Feb Mar Apr May Jun Jul Aug Sep Oct Nov Dec
2009: Jan Feb Mar Apr May Jun Jul Aug Sep Oct Nov Dec
2008: Jan Feb Mar Apr May Jun Jul Aug Sep Oct Nov Dec
Report for 2011 August
Monthly Climatological Summary for Aug 2011 Name: Garrymore Weather City: Geashill State: Offaly Elevation: 80 m Lat: N 53° 10' 05" Lon: W 007° 21' 37" Temperature (°C), Rain (mm), Wind Speed (km/h) Heat Cool Avg Mean Deg Deg Wind Dom Day Temp High Time Low Time Days Days Rain Speed High Time Dir ---------------------------------------------------------------------------------- 01 16.6 25.5 11:22 13.1 05:46 2.5 0.7 1.5 1.1 13.0 14:05 SSE 02 15.2 23.2 19:44 10.9 06:31 3.4 0.3 0.6 2.2 16.7 02:22 W 03 15.1 21.7 10:03 9.4 03:09 3.6 0.4 0.0 3.1 24.1 18:12 ESE 04 16.5 22.6 14:21 11.2 23:59 2.4 0.6 2.4 4.3 29.6 17:52 SW 05 13.3 20.3 13:12 6.7 06:04 5.1 0.1 0.0 1.4 14.8 01:17 WSW 06 13.6 21.7 11:14 9.8 05:22 4.8 0.1 2.4 1.8 20.4 16:05 SW 07 13.4 19.8 17:55 7.6 06:19 4.9 0.0 4.5 2.7 16.7 10:29 SSW 08 13.7 20.4 16:23 9.4 23:57 4.7 0.1 0.3 5.9 37.0 16:31 WNW 09 13.9 20.6 16:58 9.1 00:25 4.5 0.1 0.0 3.1 18.5 12:57 W 10 15.6 19.3 14:07 11.4 04:31 2.8 0.0 3.0 7.5 38.9 14:13 SSE 11 16.9 21.2 15:24 14.3 06:25 1.8 0.4 0.6 5.2 27.8 05:31 SSW 12 15.9 20.0 16:43 12.9 23:59 2.5 0.1 2.4 4.1 33.3 17:04 SSE 13 14.6 18.7 13:10 12.2 01:57 3.7 0.0 0.6 4.2 29.6 17:28 S 14 14.4 19.4 15:30 10.4 23:58 3.9 0.0 0.3 4.4 31.5 17:09 SW 15 13.4 19.8 10:52 7.6 04:37 5.0 0.1 9.9 3.4 20.4 13:26 SSE 16 14.7 19.9 19:09 9.4 23:51 3.7 0.1 1.5 4.3 24.1 10:46 W 17 13.6 22.8 15:18 4.8 06:22 5.3 0.5 0.0 0.6 9.3 09:38 WNW 18 14.4 22.6 11:10 8.6 23:56 4.4 0.5 3.6 0.2 14.8 18:25 E 19 11.0 15.8 17:27 6.5 03:32 7.3 0.0 0.9 5.8 40.7 14:32 SSE 20 14.0 21.7 18:41 7.9 06:41 4.5 0.2 0.0 4.5 24.1 13:11 SSE 21 15.1 21.0 16:28 9.5 06:25 3.5 0.3 0.0 2.9 18.5 09:19 SSW 22 14.5 21.6 14:09 7.9 02:42 4.1 0.4 0.0 0.5 13.0 14:13 WNW 23 14.4 21.9 12:50 7.5 05:45 4.5 0.6 0.0 1.5 18.5 23:49 SE 24 13.4 19.9 13:57 8.3 23:09 5.0 0.1 1.2 2.9 31.5 14:34 SSE 25 11.8 21.3 17:37 5.5 04:09 6.6 0.1 0.9 2.3 24.1 11:14 ESE 26 11.6 19.5 17:03 4.5 05:28 6.7 0.0 0.3 3.4 27.8 18:27 WNW 27 12.4 16.6 12:01 8.9 03:42 5.9 0.0 0.3 4.9 27.8 12:47 WSW 28 12.4 17.4 12:31 7.3 22:54 5.9 0.0 0.0 4.5 27.8 14:38 WNW 29 10.4 15.9 14:14 4.6 06:34 7.9 0.0 0.0 3.0 24.1 12:45 WNW 30 12.9 17.9 14:53 9.6 06:08 5.4 0.0 0.0 0.6 9.3 10:28 SW 31 14.2 20.3 15:16 10.3 05:14 4.3 0.2 0.0 0.2 13.0 23:20 E ---------------------------------------------------------------------------------- 14.0 25.5 1 4.5 26 140.6 6.0 37.2 3.1 40.7 19 SSW Max >= 27.0 0 Max <= 0.0 0 Min <= 0.0 0 Min <= -18.0 0 Max Rain: 9.9 on day 15 Days of Rain: 19 (>= 0.2 mm) 7 (>= 2.0 mm) 0 (>= 20.0 mm) Heat Base: 18.3 Cool Base: 18.3 Method: Integration