NOAA-Style Climate Reports
Select a Year or Month report
2024: Jan Feb Mar Apr May Jun Jul Aug Sep Oct Nov Dec
2023: Jan Feb Mar Apr May Jun Jul Aug Sep Oct Nov Dec
2022: Jan Feb Mar Apr May Jun Jul Aug Sep Oct Nov Dec
2021: Jan Feb Mar Apr May Jun Jul Aug Sep Oct Nov Dec
2020: Jan Feb Mar Apr May Jun Jul Aug Sep Oct Nov Dec
2019: Jan Feb Mar Apr May Jun Jul Aug Sep Oct Nov Dec
2018: Jan Feb Mar Apr May Jun Jul Aug Sep Oct Nov Dec
2017: Jan Feb Mar Apr May Jun Jul Aug Sep Oct Nov Dec
2016: Jan Feb Mar Apr May Jun Jul Aug Sep Oct Nov Dec
2015: Jan Feb Mar Apr May Jun Jul Aug Sep Oct Nov Dec
2014: Jan Feb Mar Apr May Jun Jul Aug Sep Oct Nov Dec
2013: Jan Feb Mar Apr May Jun Jul Aug Sep Oct Nov Dec
2012: Jan Feb Mar Apr May Jun Jul Aug Sep Oct Nov Dec
2011: Jan Feb Mar Apr May Jun Jul Aug Sep Oct Nov Dec
2010: Jan Feb Mar Apr May Jun Jul Aug Sep Oct Nov Dec
2009: Jan Feb Mar Apr May Jun Jul Aug Sep Oct Nov Dec
2008: Jan Feb Mar Apr May Jun Jul Aug Sep Oct Nov Dec
2024: Jan Feb Mar Apr May Jun Jul Aug Sep Oct Nov Dec
2023: Jan Feb Mar Apr May Jun Jul Aug Sep Oct Nov Dec
2022: Jan Feb Mar Apr May Jun Jul Aug Sep Oct Nov Dec
2021: Jan Feb Mar Apr May Jun Jul Aug Sep Oct Nov Dec
2020: Jan Feb Mar Apr May Jun Jul Aug Sep Oct Nov Dec
2019: Jan Feb Mar Apr May Jun Jul Aug Sep Oct Nov Dec
2018: Jan Feb Mar Apr May Jun Jul Aug Sep Oct Nov Dec
2017: Jan Feb Mar Apr May Jun Jul Aug Sep Oct Nov Dec
2016: Jan Feb Mar Apr May Jun Jul Aug Sep Oct Nov Dec
2015: Jan Feb Mar Apr May Jun Jul Aug Sep Oct Nov Dec
2014: Jan Feb Mar Apr May Jun Jul Aug Sep Oct Nov Dec
2013: Jan Feb Mar Apr May Jun Jul Aug Sep Oct Nov Dec
2012: Jan Feb Mar Apr May Jun Jul Aug Sep Oct Nov Dec
2011: Jan Feb Mar Apr May Jun Jul Aug Sep Oct Nov Dec
2010: Jan Feb Mar Apr May Jun Jul Aug Sep Oct Nov Dec
2009: Jan Feb Mar Apr May Jun Jul Aug Sep Oct Nov Dec
2008: Jan Feb Mar Apr May Jun Jul Aug Sep Oct Nov Dec
Report for 2011 May
Monthly Climatological Summary for May 2011 Name: Garrymore Weather City: Geashill State: Offaly Elevation: 80 m Lat: N 53° 10' 05" Lon: W 007° 21' 37" Temperature (°C), Rain (mm), Wind Speed (km/h) Heat Cool Avg Mean Deg Deg Wind Dom Day Temp High Time Low Time Days Days Rain Speed High Time Dir ---------------------------------------------------------------------------------- 01 12.9 20.1 16:26 6.7 05:18 5.4 0.1 0.0 1.6 27.8 09:01 ENE 02 13.0 19.2 16:44 6.2 05:58 5.4 0.1 0.0 3.0 33.3 11:27 ENE 03 9.6 15.2 19:04 2.0 05:49 8.7 0.0 0.0 4.9 33.3 10:00 E 04 10.0 15.0 12:30 6.3 05:46 8.3 0.0 2.4 6.4 37.0 11:55 E 05 12.7 17.4 17:12 9.6 00:00 5.6 0.0 3.3 7.2 38.9 14:08 SE 06 13.4 19.6 14:25 9.9 06:05 4.9 0.0 2.1 7.2 46.3 15:30 SE 07 13.6 19.2 14:16 8.8 07:05 4.7 0.0 2.1 6.4 38.9 17:13 E 08 13.2 18.6 15:10 8.9 05:45 5.1 0.0 2.1 11.8 53.7 17:47 SE 09 12.9 17.3 11:06 10.1 23:12 5.4 0.0 1.2 11.7 44.4 16:25 SE 10 12.6 18.3 16:05 8.8 22:44 5.7 0.0 3.6 8.0 42.6 02:11 SSE 11 11.1 16.7 15:52 6.4 05:37 7.2 0.0 0.0 6.1 33.3 12:30 SSW 12 11.2 15.7 12:39 7.9 23:34 7.1 0.0 0.6 6.6 33.3 12:58 SW 13 9.7 14.5 15:14 6.3 23:52 8.6 0.0 4.2 4.0 31.5 17:35 SSW 14 9.2 14.5 11:53 5.0 23:39 9.1 0.0 2.7 5.2 33.3 18:05 WNW 15 10.6 15.5 14:28 3.9 01:16 7.7 0.0 0.3 6.4 33.3 12:13 WSW 16 11.9 14.6 13:49 10.0 05:25 6.4 0.0 0.0 7.9 33.3 08:45 SW 17 13.6 17.4 17:37 10.8 00:16 4.7 0.0 0.0 5.1 27.8 18:33 SSW 18 11.6 16.2 14:47 6.5 23:58 6.7 0.0 0.6 6.4 37.0 12:02 SW 19 9.9 16.4 08:21 3.2 05:15 8.4 0.0 0.0 2.6 20.4 16:55 S 20 10.8 16.4 12:42 6.7 03:16 7.5 0.0 0.6 6.0 31.5 13:11 S 21 9.5 14.2 17:15 4.5 03:38 8.8 0.0 6.3 8.4 38.9 09:42 SSE 22 11.2 16.5 15:09 6.0 00:00 7.1 0.0 3.3 9.7 48.2 08:57 SSW 23 10.5 14.1 14:14 6.1 23:47 7.8 0.0 16.2 14.5 53.7 13:27 S 24 11.1 16.3 15:38 5.8 05:34 7.2 0.0 0.3 6.7 33.3 11:42 SW 25 10.9 16.2 15:25 8.5 01:26 7.4 0.0 2.4 9.8 48.2 13:05 SE 26 10.1 14.1 16:00 5.7 23:59 8.2 0.0 3.0 10.8 50.0 12:44 NW 27 9.8 14.6 10:19 3.7 04:29 8.5 0.0 0.0 5.2 27.8 14:55 SW 28 11.7 16.3 15:45 9.0 05:45 6.6 0.0 0.6 6.6 31.5 11:45 SW 29 12.7 17.1 14:19 9.2 23:41 5.6 0.0 0.6 6.9 35.2 10:05 SSW 30 10.2 15.9 11:45 5.1 23:57 8.1 0.0 2.1 3.6 31.5 15:00 WSW 31 11.4 18.3 15:54 2.7 02:28 6.9 0.0 0.0 4.5 24.1 11:26 SW ---------------------------------------------------------------------------------- 11.4 20.1 1 2.0 3 214.8 0.2 60.6 6.8 53.7 8 S Max >= 27.0 0 Max <= 0.0 0 Min <= 0.0 0 Min <= -18.0 0 Max Rain: 16.2 on day 23 Days of Rain: 22 (>= 0.2 mm) 14 (>= 2.0 mm) 0 (>= 20.0 mm) Heat Base: 18.3 Cool Base: 18.3 Method: Integration