NOAA-Style Climate Reports
Select a Year or Month report
2024: Jan Feb Mar Apr May Jun Jul Aug Sep Oct Nov Dec
2023: Jan Feb Mar Apr May Jun Jul Aug Sep Oct Nov Dec
2022: Jan Feb Mar Apr May Jun Jul Aug Sep Oct Nov Dec
2021: Jan Feb Mar Apr May Jun Jul Aug Sep Oct Nov Dec
2020: Jan Feb Mar Apr May Jun Jul Aug Sep Oct Nov Dec
2019: Jan Feb Mar Apr May Jun Jul Aug Sep Oct Nov Dec
2018: Jan Feb Mar Apr May Jun Jul Aug Sep Oct Nov Dec
2017: Jan Feb Mar Apr May Jun Jul Aug Sep Oct Nov Dec
2016: Jan Feb Mar Apr May Jun Jul Aug Sep Oct Nov Dec
2015: Jan Feb Mar Apr May Jun Jul Aug Sep Oct Nov Dec
2014: Jan Feb Mar Apr May Jun Jul Aug Sep Oct Nov Dec
2013: Jan Feb Mar Apr May Jun Jul Aug Sep Oct Nov Dec
2012: Jan Feb Mar Apr May Jun Jul Aug Sep Oct Nov Dec
2011: Jan Feb Mar Apr May Jun Jul Aug Sep Oct Nov Dec
2010: Jan Feb Mar Apr May Jun Jul Aug Sep Oct Nov Dec
2009: Jan Feb Mar Apr May Jun Jul Aug Sep Oct Nov Dec
2008: Jan Feb Mar Apr May Jun Jul Aug Sep Oct Nov Dec
2024: Jan Feb Mar Apr May Jun Jul Aug Sep Oct Nov Dec
2023: Jan Feb Mar Apr May Jun Jul Aug Sep Oct Nov Dec
2022: Jan Feb Mar Apr May Jun Jul Aug Sep Oct Nov Dec
2021: Jan Feb Mar Apr May Jun Jul Aug Sep Oct Nov Dec
2020: Jan Feb Mar Apr May Jun Jul Aug Sep Oct Nov Dec
2019: Jan Feb Mar Apr May Jun Jul Aug Sep Oct Nov Dec
2018: Jan Feb Mar Apr May Jun Jul Aug Sep Oct Nov Dec
2017: Jan Feb Mar Apr May Jun Jul Aug Sep Oct Nov Dec
2016: Jan Feb Mar Apr May Jun Jul Aug Sep Oct Nov Dec
2015: Jan Feb Mar Apr May Jun Jul Aug Sep Oct Nov Dec
2014: Jan Feb Mar Apr May Jun Jul Aug Sep Oct Nov Dec
2013: Jan Feb Mar Apr May Jun Jul Aug Sep Oct Nov Dec
2012: Jan Feb Mar Apr May Jun Jul Aug Sep Oct Nov Dec
2011: Jan Feb Mar Apr May Jun Jul Aug Sep Oct Nov Dec
2010: Jan Feb Mar Apr May Jun Jul Aug Sep Oct Nov Dec
2009: Jan Feb Mar Apr May Jun Jul Aug Sep Oct Nov Dec
2008: Jan Feb Mar Apr May Jun Jul Aug Sep Oct Nov Dec
Report for 2010 December
Monthly Climatological Summary for Dec 2010 Name: Garrymore Weather City: Geashill State: Offaly Elevation: 80 m Lat: N 53° 10' 05" Lon: W 007° 21' 37" Temperature (°C), Rain (mm), Wind Speed (km/h) Heat Cool Avg Mean Deg Deg Wind Dom Day Temp High Time Low Time Days Days Rain Speed High Time Dir ---------------------------------------------------------------------------------- 01 -4.8 -1.1 12:32 -8.6 07:50 23.1 0.0 0.0 1.8 16.7 13:56 N 02 -6.9 -1.2 14:03 -10.2 23:58 25.2 0.0 0.0 1.7 9.3 01:25 WNW 03 -5.8 1.5 14:39 -12.0 02:08 24.1 0.0 0.3 2.5 20.4 07:44 SE 04 -1.7 0.6 11:37 -3.8 22:49 20.0 0.0 2.4 0.9 13.0 14:05 W 05 -3.7 -2.0 12:15 -4.9 18:45 22.0 0.0 0.0 0.0 0.0 00:00 E 06 -4.0 -1.6 15:18 -7.3 07:15 22.3 0.0 0.0 0.0 0.0 00:00 E 07 -3.6 -1.0 14:18 -7.6 23:59 21.9 0.0 0.0 0.0 0.0 00:00 E 08 -5.6 -1.0 13:35 -9.2 06:24 23.9 0.0 0.3 0.0 0.0 00:00 E 09 -0.9 3.5 14:13 -8.0 06:09 19.2 0.0 3.0 1.0 11.1 14:56 WNW 10 2.8 4.5 13:28 1.0 02:36 15.5 0.0 0.6 1.4 13.0 16:05 WNW 11 2.4 4.2 13:18 -1.4 23:55 15.9 0.0 0.3 2.0 16.7 01:26 WNW 12 -2.4 1.8 14:15 -3.8 09:21 20.7 0.0 0.3 0.1 5.6 12:36 ESE 13 -1.5 1.3 13:39 -5.1 05:52 19.8 0.0 0.3 0.2 9.3 18:27 E 14 0.5 4.0 13:54 -2.7 05:16 17.8 0.0 0.0 1.4 14.8 13:47 NW 15 2.3 3.7 14:29 0.8 01:20 16.0 0.0 0.0 2.8 16.7 18:04 WNW 16 1.8 5.8 08:59 -3.9 22:10 16.5 0.0 1.5 8.2 42.6 10:26 WNW 17 -2.4 -0.8 13:13 -3.6 08:33 20.7 0.0 0.3 2.9 24.1 13:24 W 18 -5.5 -2.2 00:09 -10.1 21:42 23.8 0.0 0.0 2.8 27.8 01:17 WNW 19 -7.2 0.6 13:42 -10.9 04:39 25.5 0.0 0.0 0.0 5.6 10:49 E 20 -9.1 -3.1 13:58 -12.0 21:45 27.4 0.0 0.0 1.3 11.1 18:50 SE 21 -10.2 -6.3 13:22 -13.5 08:49 28.5 0.0 0.0 1.4 9.3 00:30 SE 22 -9.3 -5.5 14:15 -11.8 06:12 27.6 0.0 0.0 1.7 11.1 00:39 SE 23 -8.7 -5.2 14:54 -11.2 07:54 27.0 0.0 0.0 1.3 9.3 06:42 SE 24 -8.6 -3.7 14:41 -12.1 08:22 26.9 0.0 0.0 0.7 7.4 14:19 SE 25 -10.4 -3.0 15:08 -14.8 08:18 28.7 0.0 0.0 0.1 5.6 11:44 SE 26 0.7 4.8 23:41 -9.6 00:00 17.6 0.0 12.9 8.0 38.9 19:12 SE 27 6.3 7.1 13:57 4.8 00:00 12.0 0.0 12.6 10.2 51.9 02:47 SE 28 7.8 10.6 13:42 5.9 09:18 10.5 0.0 0.3 3.0 20.4 01:25 SE 29 7.6 10.2 14:34 5.9 20:09 10.7 0.0 0.0 2.5 20.4 10:48 SE 30 6.6 9.5 13:58 3.8 07:12 11.7 0.0 0.0 0.4 11.1 01:44 E 31 5.4 6.8 13:20 4.4 21:08 12.9 0.0 0.0 0.1 5.6 01:32 W ---------------------------------------------------------------------------------- -2.2 10.6 28 -14.8 25 635.4 0.0 35.1 1.9 51.9 27 S Max >= 27.0 0 Max <= 0.0 14 Min <= 0.0 24 Min <= -18.0 0 Max Rain: 12.9 on day 26 Days of Rain: 13 (>= 0.2 mm) 4 (>= 2.0 mm) 0 (>= 20.0 mm) Heat Base: 18.3 Cool Base: 18.3 Method: Integration