NOAA-Style Climate Reports
Select a Year or Month report
2024: Jan Feb Mar Apr May Jun Jul Aug Sep Oct Nov Dec
2023: Jan Feb Mar Apr May Jun Jul Aug Sep Oct Nov Dec
2022: Jan Feb Mar Apr May Jun Jul Aug Sep Oct Nov Dec
2021: Jan Feb Mar Apr May Jun Jul Aug Sep Oct Nov Dec
2020: Jan Feb Mar Apr May Jun Jul Aug Sep Oct Nov Dec
2019: Jan Feb Mar Apr May Jun Jul Aug Sep Oct Nov Dec
2018: Jan Feb Mar Apr May Jun Jul Aug Sep Oct Nov Dec
2017: Jan Feb Mar Apr May Jun Jul Aug Sep Oct Nov Dec
2016: Jan Feb Mar Apr May Jun Jul Aug Sep Oct Nov Dec
2015: Jan Feb Mar Apr May Jun Jul Aug Sep Oct Nov Dec
2014: Jan Feb Mar Apr May Jun Jul Aug Sep Oct Nov Dec
2013: Jan Feb Mar Apr May Jun Jul Aug Sep Oct Nov Dec
2012: Jan Feb Mar Apr May Jun Jul Aug Sep Oct Nov Dec
2011: Jan Feb Mar Apr May Jun Jul Aug Sep Oct Nov Dec
2010: Jan Feb Mar Apr May Jun Jul Aug Sep Oct Nov Dec
2009: Jan Feb Mar Apr May Jun Jul Aug Sep Oct Nov Dec
2008: Jan Feb Mar Apr May Jun Jul Aug Sep Oct Nov Dec
2024: Jan Feb Mar Apr May Jun Jul Aug Sep Oct Nov Dec
2023: Jan Feb Mar Apr May Jun Jul Aug Sep Oct Nov Dec
2022: Jan Feb Mar Apr May Jun Jul Aug Sep Oct Nov Dec
2021: Jan Feb Mar Apr May Jun Jul Aug Sep Oct Nov Dec
2020: Jan Feb Mar Apr May Jun Jul Aug Sep Oct Nov Dec
2019: Jan Feb Mar Apr May Jun Jul Aug Sep Oct Nov Dec
2018: Jan Feb Mar Apr May Jun Jul Aug Sep Oct Nov Dec
2017: Jan Feb Mar Apr May Jun Jul Aug Sep Oct Nov Dec
2016: Jan Feb Mar Apr May Jun Jul Aug Sep Oct Nov Dec
2015: Jan Feb Mar Apr May Jun Jul Aug Sep Oct Nov Dec
2014: Jan Feb Mar Apr May Jun Jul Aug Sep Oct Nov Dec
2013: Jan Feb Mar Apr May Jun Jul Aug Sep Oct Nov Dec
2012: Jan Feb Mar Apr May Jun Jul Aug Sep Oct Nov Dec
2011: Jan Feb Mar Apr May Jun Jul Aug Sep Oct Nov Dec
2010: Jan Feb Mar Apr May Jun Jul Aug Sep Oct Nov Dec
2009: Jan Feb Mar Apr May Jun Jul Aug Sep Oct Nov Dec
2008: Jan Feb Mar Apr May Jun Jul Aug Sep Oct Nov Dec
Report for 2010 July
Monthly Climatological Summary for Jul 2010 Name: Garrymore Weather City: Geashill State: Offaly Elevation: 80 m Lat: N 53° 10' 05" Lon: W 007° 21' 37" Temperature (°C), Rain (mm), Wind Speed (km/h) Heat Cool Avg Mean Deg Deg Wind Dom Day Temp High Time Low Time Days Days Rain Speed High Time Dir ---------------------------------------------------------------------------------- 01 16.9 22.8 17:12 13.1 23:57 2.2 0.9 6.6 11.0 42.6 03:41 SSE 02 15.2 20.6 13:05 9.9 04:25 3.4 0.3 0.3 7.3 42.6 10:30 S 03 14.4 19.8 15:06 8.4 04:00 4.0 0.1 0.0 5.2 24.1 14:47 S 04 15.4 20.1 14:06 11.2 23:20 3.1 0.2 2.4 10.4 46.3 06:57 S 05 14.1 19.4 14:58 9.1 05:43 4.3 0.0 0.3 4.6 31.5 14:07 WSW 06 13.1 18.0 18:25 7.6 05:33 5.2 0.0 0.9 7.6 48.2 15:35 SSE 07 15.5 20.1 13:07 11.4 05:27 3.0 0.2 0.9 6.5 37.0 15:17 SSW 08 13.1 18.3 13:53 9.8 05:25 5.2 0.0 4.5 4.8 27.8 14:27 SSE 09 14.6 19.3 15:13 11.8 00:00 3.8 0.0 16.5 2.6 20.4 07:30 S 10 14.9 19.3 10:12 12.2 00:16 3.4 0.0 29.7 4.7 35.2 23:52 SSE 11 13.8 19.4 12:58 8.9 04:52 4.5 0.0 0.0 4.7 31.5 00:13 SW 12 16.4 25.3 14:22 7.7 05:32 3.4 1.5 0.0 0.8 11.1 09:25 SE 13 13.9 19.0 11:13 11.4 05:36 4.4 0.0 0.9 2.1 24.1 14:24 E 14 15.5 20.1 12:14 12.2 23:59 3.0 0.1 2.4 4.1 31.5 13:46 ESE 15 14.2 19.5 14:01 10.0 22:52 4.1 0.1 7.8 3.7 31.5 14:05 S 16 13.1 18.5 14:32 9.7 05:34 5.2 0.0 12.0 5.5 25.9 13:07 W 17 13.7 19.6 15:05 9.8 00:00 4.7 0.1 1.8 6.4 29.6 12:36 SSW 18 15.8 19.4 16:00 11.7 00:00 2.5 0.0 3.9 7.1 29.6 14:18 SSE 19 17.0 21.7 14:59 14.5 01:45 2.0 0.7 3.3 6.1 33.3 00:32 SSE 20 16.7 23.3 16:22 11.6 23:53 2.5 0.9 1.2 1.7 16.7 16:23 S 21 12.6 17.9 15:28 5.0 22:19 5.7 0.0 28.2 2.3 24.1 15:34 WNW 22 13.3 19.3 17:12 10.6 04:20 5.0 0.0 0.6 3.1 22.2 08:14 NNW 23 14.0 20.2 15:18 7.2 05:48 4.4 0.1 0.0 1.7 16.7 11:15 WNW 24 15.5 22.8 15:50 11.6 03:14 3.4 0.6 0.3 3.3 18.5 17:40 S 25 16.1 21.7 14:52 12.4 00:00 2.5 0.4 0.0 3.1 27.8 13:37 WSW 26 18.2 23.6 14:38 14.6 05:03 1.4 1.4 0.0 4.5 24.1 12:15 SW 27 15.8 19.8 16:39 12.5 22:53 2.7 0.2 0.3 4.0 22.2 15:27 WSW 28 14.3 18.8 14:43 11.0 05:55 4.0 0.0 0.6 3.8 20.4 05:31 W 29 14.8 19.2 15:32 11.6 05:15 3.5 0.0 0.0 1.6 14.8 12:38 W 30 15.2 18.7 16:53 13.0 23:46 3.1 0.0 1.8 3.6 20.4 09:27 S 31 14.3 20.1 14:33 11.2 04:27 4.0 0.0 0.3 4.5 25.9 09:15 SW ---------------------------------------------------------------------------------- 14.9 25.3 12 5.0 21 113.6 7.8 127.5 4.6 48.2 6 SSW Max >= 27.0 0 Max <= 0.0 0 Min <= 0.0 0 Min <= -18.0 0 Max Rain: 29.7 on day 10 Days of Rain: 24 (>= 0.2 mm) 11 (>= 2.0 mm) 2 (>= 20.0 mm) Heat Base: 18.3 Cool Base: 18.3 Method: Integration