NOAA-Style Climate Reports
Select a Year or Month report
2024: Jan Feb Mar Apr May Jun Jul Aug Sep Oct Nov Dec
2023: Jan Feb Mar Apr May Jun Jul Aug Sep Oct Nov Dec
2022: Jan Feb Mar Apr May Jun Jul Aug Sep Oct Nov Dec
2021: Jan Feb Mar Apr May Jun Jul Aug Sep Oct Nov Dec
2020: Jan Feb Mar Apr May Jun Jul Aug Sep Oct Nov Dec
2019: Jan Feb Mar Apr May Jun Jul Aug Sep Oct Nov Dec
2018: Jan Feb Mar Apr May Jun Jul Aug Sep Oct Nov Dec
2017: Jan Feb Mar Apr May Jun Jul Aug Sep Oct Nov Dec
2016: Jan Feb Mar Apr May Jun Jul Aug Sep Oct Nov Dec
2015: Jan Feb Mar Apr May Jun Jul Aug Sep Oct Nov Dec
2014: Jan Feb Mar Apr May Jun Jul Aug Sep Oct Nov Dec
2013: Jan Feb Mar Apr May Jun Jul Aug Sep Oct Nov Dec
2012: Jan Feb Mar Apr May Jun Jul Aug Sep Oct Nov Dec
2011: Jan Feb Mar Apr May Jun Jul Aug Sep Oct Nov Dec
2010: Jan Feb Mar Apr May Jun Jul Aug Sep Oct Nov Dec
2009: Jan Feb Mar Apr May Jun Jul Aug Sep Oct Nov Dec
2008: Jan Feb Mar Apr May Jun Jul Aug Sep Oct Nov Dec
2024: Jan Feb Mar Apr May Jun Jul Aug Sep Oct Nov Dec
2023: Jan Feb Mar Apr May Jun Jul Aug Sep Oct Nov Dec
2022: Jan Feb Mar Apr May Jun Jul Aug Sep Oct Nov Dec
2021: Jan Feb Mar Apr May Jun Jul Aug Sep Oct Nov Dec
2020: Jan Feb Mar Apr May Jun Jul Aug Sep Oct Nov Dec
2019: Jan Feb Mar Apr May Jun Jul Aug Sep Oct Nov Dec
2018: Jan Feb Mar Apr May Jun Jul Aug Sep Oct Nov Dec
2017: Jan Feb Mar Apr May Jun Jul Aug Sep Oct Nov Dec
2016: Jan Feb Mar Apr May Jun Jul Aug Sep Oct Nov Dec
2015: Jan Feb Mar Apr May Jun Jul Aug Sep Oct Nov Dec
2014: Jan Feb Mar Apr May Jun Jul Aug Sep Oct Nov Dec
2013: Jan Feb Mar Apr May Jun Jul Aug Sep Oct Nov Dec
2012: Jan Feb Mar Apr May Jun Jul Aug Sep Oct Nov Dec
2011: Jan Feb Mar Apr May Jun Jul Aug Sep Oct Nov Dec
2010: Jan Feb Mar Apr May Jun Jul Aug Sep Oct Nov Dec
2009: Jan Feb Mar Apr May Jun Jul Aug Sep Oct Nov Dec
2008: Jan Feb Mar Apr May Jun Jul Aug Sep Oct Nov Dec
Report for 2010 March
Monthly Climatological Summary for Mar 2010 Name: Garrymore Weather City: Geashill State: Offaly Elevation: 80 m Lat: N 53° 10' 05" Lon: W 007° 21' 37" Temperature (°C), Rain (mm), Wind Speed (km/h) Heat Cool Avg Mean Deg Deg Wind Dom Day Temp High Time Low Time Days Days Rain Speed High Time Dir ---------------------------------------------------------------------------------- 01 2.9 12.4 14:31 -4.0 07:32 15.4 0.0 0.3 0.5 13.0 15:28 NW 02 2.4 8.7 12:49 -4.2 06:51 15.9 0.0 0.0 1.7 20.4 13:22 ENE 03 4.5 8.1 15:32 -1.2 23:43 13.8 0.0 0.0 2.3 24.1 11:03 NE 04 2.6 12.9 14:51 -2.9 06:24 15.7 0.0 0.0 0.5 13.0 12:06 NNW 05 3.4 12.7 15:08 -3.2 04:42 14.9 0.0 0.0 1.2 13.0 11:10 NW 06 3.9 10.9 11:45 -1.1 22:30 14.4 0.0 0.0 0.6 13.0 11:21 NW 07 2.7 9.4 15:12 -4.0 23:56 15.6 0.0 0.3 2.5 24.1 09:44 NE 08 0.6 10.4 14:29 -7.1 06:38 17.7 0.0 0.0 1.6 18.5 12:36 NE 09 2.0 12.7 15:14 -6.2 06:54 16.3 0.0 0.0 0.3 13.0 13:07 NE 10 2.5 11.0 12:45 -4.7 06:04 15.8 0.0 0.0 0.3 13.0 12:39 NNE 11 3.5 11.2 15:46 -3.1 05:08 14.8 0.0 0.0 2.2 20.4 11:24 NW 12 7.0 10.7 13:23 4.2 04:55 11.3 0.0 0.0 4.9 25.9 11:57 NW 13 6.9 10.2 13:53 -0.5 19:46 11.4 0.0 0.0 3.7 22.2 16:41 NW 14 5.9 13.6 14:26 1.0 23:59 12.4 0.0 0.0 3.6 25.9 12:54 WNW 15 5.2 13.4 14:10 -1.7 04:55 13.1 0.0 0.0 1.4 22.2 12:24 W 16 1.2 4.9 09:10 -0.6 02:15 6.6 0.0 0.0 0.3 7.4 03:15 NNE 17 10.1 10.2 22:55 4.9 22:10 0.6 0.0 0.0 13.8 35.2 23:53 NNW 18 11.1 15.7 16:34 9.4 23:52 7.2 0.0 2.4 11.6 50.0 07:42 NW 19 8.8 12.4 14:19 5.3 06:57 9.5 0.0 9.0 3.1 24.1 01:41 WNW 20 7.8 13.0 14:39 1.8 23:48 10.5 0.0 7.8 4.0 24.1 11:28 NW 21 9.3 16.4 14:19 1.7 00:07 9.0 0.0 0.0 6.6 31.5 21:18 NW 22 8.6 12.0 11:05 3.5 23:58 9.7 0.0 6.0 7.3 48.2 03:05 WNW 23 7.1 10.6 14:04 2.7 01:22 11.2 0.0 1.5 5.9 31.5 11:53 NNW 24 9.8 15.6 16:18 5.5 21:46 8.5 0.0 4.2 3.4 29.6 02:52 NW 25 9.6 15.7 15:23 7.2 23:49 8.7 0.0 9.9 3.4 27.8 12:18 NE 26 9.4 16.0 15:48 6.1 03:34 8.9 0.0 1.2 1.5 16.7 10:47 NW 27 8.9 13.4 15:17 5.0 22:30 9.4 0.0 0.3 3.8 31.5 14:48 WNW 28 8.3 13.8 15:18 3.8 03:21 10.0 0.0 0.0 1.7 16.7 12:29 WNW 29 5.7 8.5 17:14 3.0 23:56 12.6 0.0 18.6 2.1 24.1 13:12 NNW 30 2.2 5.5 13:04 0.7 01:57 16.1 0.0 17.4 13.5 48.2 12:06 WNW 31 3.1 7.4 17:05 1.3 00:00 15.2 0.0 0.6 11.5 48.2 00:23 WNW ---------------------------------------------------------------------------------- 5.7 16.4 21 -7.1 8 372.2 0.0 79.5 3.5 50.0 18 NW Max >= 27.0 0 Max <= 0.0 0 Min <= 0.0 14 Min <= -18.0 0 Max Rain: 18.6 on day 29 Days of Rain: 14 (>= 0.2 mm) 8 (>= 2.0 mm) 0 (>= 20.0 mm) Heat Base: 18.3 Cool Base: 18.3 Method: Integration