NOAA-Style Climate Reports
Select a Year or Month report
2024: Jan Feb Mar Apr May Jun Jul Aug Sep Oct Nov Dec
2023: Jan Feb Mar Apr May Jun Jul Aug Sep Oct Nov Dec
2022: Jan Feb Mar Apr May Jun Jul Aug Sep Oct Nov Dec
2021: Jan Feb Mar Apr May Jun Jul Aug Sep Oct Nov Dec
2020: Jan Feb Mar Apr May Jun Jul Aug Sep Oct Nov Dec
2019: Jan Feb Mar Apr May Jun Jul Aug Sep Oct Nov Dec
2018: Jan Feb Mar Apr May Jun Jul Aug Sep Oct Nov Dec
2017: Jan Feb Mar Apr May Jun Jul Aug Sep Oct Nov Dec
2016: Jan Feb Mar Apr May Jun Jul Aug Sep Oct Nov Dec
2015: Jan Feb Mar Apr May Jun Jul Aug Sep Oct Nov Dec
2014: Jan Feb Mar Apr May Jun Jul Aug Sep Oct Nov Dec
2013: Jan Feb Mar Apr May Jun Jul Aug Sep Oct Nov Dec
2012: Jan Feb Mar Apr May Jun Jul Aug Sep Oct Nov Dec
2011: Jan Feb Mar Apr May Jun Jul Aug Sep Oct Nov Dec
2010: Jan Feb Mar Apr May Jun Jul Aug Sep Oct Nov Dec
2009: Jan Feb Mar Apr May Jun Jul Aug Sep Oct Nov Dec
2008: Jan Feb Mar Apr May Jun Jul Aug Sep Oct Nov Dec
2024: Jan Feb Mar Apr May Jun Jul Aug Sep Oct Nov Dec
2023: Jan Feb Mar Apr May Jun Jul Aug Sep Oct Nov Dec
2022: Jan Feb Mar Apr May Jun Jul Aug Sep Oct Nov Dec
2021: Jan Feb Mar Apr May Jun Jul Aug Sep Oct Nov Dec
2020: Jan Feb Mar Apr May Jun Jul Aug Sep Oct Nov Dec
2019: Jan Feb Mar Apr May Jun Jul Aug Sep Oct Nov Dec
2018: Jan Feb Mar Apr May Jun Jul Aug Sep Oct Nov Dec
2017: Jan Feb Mar Apr May Jun Jul Aug Sep Oct Nov Dec
2016: Jan Feb Mar Apr May Jun Jul Aug Sep Oct Nov Dec
2015: Jan Feb Mar Apr May Jun Jul Aug Sep Oct Nov Dec
2014: Jan Feb Mar Apr May Jun Jul Aug Sep Oct Nov Dec
2013: Jan Feb Mar Apr May Jun Jul Aug Sep Oct Nov Dec
2012: Jan Feb Mar Apr May Jun Jul Aug Sep Oct Nov Dec
2011: Jan Feb Mar Apr May Jun Jul Aug Sep Oct Nov Dec
2010: Jan Feb Mar Apr May Jun Jul Aug Sep Oct Nov Dec
2009: Jan Feb Mar Apr May Jun Jul Aug Sep Oct Nov Dec
2008: Jan Feb Mar Apr May Jun Jul Aug Sep Oct Nov Dec
Report for 2010 February
Monthly Climatological Summary for Feb 2010 Name: Garrymore Weather City: Geashill State: Offaly Elevation: 80 m Lat: N 53° 10' 05" Lon: W 007° 21' 37" Temperature (°C), Rain (mm), Wind Speed (km/h) Heat Cool Avg Mean Deg Deg Wind Dom Day Temp High Time Low Time Days Days Rain Speed High Time Dir ---------------------------------------------------------------------------------- 01 4.0 8.3 12:32 0.1 03:41 14.3 0.0 0.0 2.7 18.5 18:20 W 02 7.9 10.6 12:57 5.5 23:51 10.4 0.0 4.2 5.0 27.8 06:35 W 03 5.4 11.1 14:55 2.7 22:13 12.9 0.0 6.3 3.1 24.1 10:07 NNW 04 6.4 10.0 13:56 0.4 03:38 11.1 0.0 10.2 5.1 31.5 16:37 NNE 05 6.2 11.6 14:06 0.7 07:14 10.1 0.0 10.5 2.2 24.1 13:55 NE 06 4.1 6.9 13:57 1.9 08:12 14.2 0.0 0.0 1.0 13.0 08:36 NW 07 4.6 6.2 14:06 3.2 07:46 13.7 0.0 0.0 2.5 20.4 11:09 ENE 08 3.3 7.9 14:37 0.5 03:24 15.0 0.0 0.0 0.6 22.2 14:56 NNE 09 2.6 10.1 15:10 -2.0 23:47 15.7 0.0 0.6 1.7 13.0 10:17 N 10 1.0 12.0 14:33 -4.3 07:38 17.3 0.0 0.0 0.5 9.3 13:16 NW 11 1.4 10.5 14:29 -4.2 04:00 16.9 0.0 0.0 0.9 13.0 13:03 NW 12 -0.3 0.3 02:59 -1.2 00:22 3.1 0.0 0.0 2.4 11.1 03:15 WNW 13 0.2 1.1 22:32 -0.5 23:58 1.1 0.0 0.0 0.1 5.6 22:29 WNW 14 3.1 8.8 14:13 -1.7 02:23 15.2 0.0 0.0 3.4 24.1 15:19 WNW 15 5.5 11.2 13:14 1.4 21:43 12.8 0.0 2.1 3.6 33.3 18:23 W 16 2.7 10.0 09:57 -2.6 08:08 15.6 0.0 0.3 1.3 16.7 12:40 NW 17 2.6 15.8 12:52 -5.2 07:16 15.7 0.0 0.3 0.3 11.1 13:41 NNE 18 0.6 8.1 13:59 -3.3 06:10 17.7 0.0 0.0 1.6 20.4 23:49 WNW 19 1.6 8.0 13:52 -1.7 23:50 16.7 0.0 0.3 3.3 20.4 01:50 WNW 20 0.6 6.9 13:39 -3.9 02:43 17.7 0.0 1.5 1.9 20.4 12:28 NNW 21 1.2 6.7 15:49 -2.9 22:35 17.1 0.0 1.2 0.7 11.1 14:48 NW 22 0.4 7.7 12:52 -3.0 23:55 17.9 0.0 0.3 0.8 13.0 12:40 NW 23 0.2 3.8 11:26 -3.2 00:18 18.1 0.0 4.2 1.0 20.4 16:29 NNE 24 3.0 5.0 13:50 1.2 00:00 15.3 0.0 7.8 2.2 14.8 14:28 NW 25 2.2 5.6 16:06 0.4 05:08 16.1 0.0 3.3 0.8 13.0 01:17 WNW 26 4.1 7.6 16:24 1.4 00:41 14.2 0.0 3.3 3.8 27.8 12:18 W 27 3.7 12.2 16:21 -2.0 07:20 14.6 0.0 0.0 1.0 14.8 13:14 N 28 2.2 8.9 15:59 -2.3 06:58 16.1 0.0 0.3 2.5 25.9 13:03 WNW ---------------------------------------------------------------------------------- 2.9 15.8 17 -5.2 17 396.6 0.0 56.7 2.0 33.3 15 NW Max >= 27.0 0 Max <= 0.0 0 Min <= 0.0 16 Min <= -18.0 0 Max Rain: 10.5 on day 5 Days of Rain: 17 (>= 0.2 mm) 9 (>= 2.0 mm) 0 (>= 20.0 mm) Heat Base: 18.3 Cool Base: 18.3 Method: Integration