NOAA-Style Climate Reports
Select a Year or Month report
2024: Jan Feb Mar Apr May Jun Jul Aug Sep Oct Nov Dec
2023: Jan Feb Mar Apr May Jun Jul Aug Sep Oct Nov Dec
2022: Jan Feb Mar Apr May Jun Jul Aug Sep Oct Nov Dec
2021: Jan Feb Mar Apr May Jun Jul Aug Sep Oct Nov Dec
2020: Jan Feb Mar Apr May Jun Jul Aug Sep Oct Nov Dec
2019: Jan Feb Mar Apr May Jun Jul Aug Sep Oct Nov Dec
2018: Jan Feb Mar Apr May Jun Jul Aug Sep Oct Nov Dec
2017: Jan Feb Mar Apr May Jun Jul Aug Sep Oct Nov Dec
2016: Jan Feb Mar Apr May Jun Jul Aug Sep Oct Nov Dec
2015: Jan Feb Mar Apr May Jun Jul Aug Sep Oct Nov Dec
2014: Jan Feb Mar Apr May Jun Jul Aug Sep Oct Nov Dec
2013: Jan Feb Mar Apr May Jun Jul Aug Sep Oct Nov Dec
2012: Jan Feb Mar Apr May Jun Jul Aug Sep Oct Nov Dec
2011: Jan Feb Mar Apr May Jun Jul Aug Sep Oct Nov Dec
2010: Jan Feb Mar Apr May Jun Jul Aug Sep Oct Nov Dec
2009: Jan Feb Mar Apr May Jun Jul Aug Sep Oct Nov Dec
2008: Jan Feb Mar Apr May Jun Jul Aug Sep Oct Nov Dec
2024: Jan Feb Mar Apr May Jun Jul Aug Sep Oct Nov Dec
2023: Jan Feb Mar Apr May Jun Jul Aug Sep Oct Nov Dec
2022: Jan Feb Mar Apr May Jun Jul Aug Sep Oct Nov Dec
2021: Jan Feb Mar Apr May Jun Jul Aug Sep Oct Nov Dec
2020: Jan Feb Mar Apr May Jun Jul Aug Sep Oct Nov Dec
2019: Jan Feb Mar Apr May Jun Jul Aug Sep Oct Nov Dec
2018: Jan Feb Mar Apr May Jun Jul Aug Sep Oct Nov Dec
2017: Jan Feb Mar Apr May Jun Jul Aug Sep Oct Nov Dec
2016: Jan Feb Mar Apr May Jun Jul Aug Sep Oct Nov Dec
2015: Jan Feb Mar Apr May Jun Jul Aug Sep Oct Nov Dec
2014: Jan Feb Mar Apr May Jun Jul Aug Sep Oct Nov Dec
2013: Jan Feb Mar Apr May Jun Jul Aug Sep Oct Nov Dec
2012: Jan Feb Mar Apr May Jun Jul Aug Sep Oct Nov Dec
2011: Jan Feb Mar Apr May Jun Jul Aug Sep Oct Nov Dec
2010: Jan Feb Mar Apr May Jun Jul Aug Sep Oct Nov Dec
2009: Jan Feb Mar Apr May Jun Jul Aug Sep Oct Nov Dec
2008: Jan Feb Mar Apr May Jun Jul Aug Sep Oct Nov Dec
Report for 2009 September
Monthly Climatological Summary for Sep 2009 Name: Garrymore Weather City: Geashill State: Offaly Elevation: 80 m Lat: N 53° 10' 05" Lon: W 007° 21' 37" Temperature (°C), Rain (mm), Wind Speed (km/h) Heat Cool Avg Mean Deg Deg Wind Dom Day Temp High Time Low Time Days Days Rain Speed High Time Dir ---------------------------------------------------------------------------------- 01 13.2 19.8 14:51 9.6 06:29 5.1 0.0 6.0 5.0 24.1 17:30 ENE 02 11.8 14.4 11:37 8.8 06:03 6.5 0.0 0.0 3.2 27.8 20:19 NNW 03 12.5 19.9 15:03 9.6 06:37 5.8 0.0 0.0 3.9 29.6 15:31 WNW 04 12.8 19.7 14:11 8.6 05:19 5.5 0.0 0.0 4.7 37.0 10:35 WNW 05 13.8 17.1 14:58 10.2 00:00 4.5 0.0 0.0 4.2 24.1 15:46 W 06 13.8 16.4 19:36 11.9 03:47 4.5 0.0 0.0 6.6 44.4 14:33 ESE 07 15.3 21.1 12:05 10.9 07:19 3.1 0.1 0.0 5.4 37.0 21:35 E 08 15.5 18.2 11:05 10.7 23:55 2.8 0.0 0.0 7.6 42.6 04:53 E 09 13.0 21.9 16:43 5.5 07:32 5.6 0.3 0.0 1.2 16.7 17:03 WNW 10 15.1 26.5 16:13 6.1 06:59 5.3 2.1 0.0 0.3 11.1 14:46 NW 11 14.6 29.1 16:40 5.7 04:20 5.9 2.2 0.0 0.2 5.6 09:39 ESE 12 15.2 29.0 17:26 4.0 07:00 5.7 2.7 0.0 0.1 9.3 13:47 NW 13 14.5 27.5 15:15 5.1 06:43 5.8 2.0 0.0 0.0 9.3 14:28 SE 14 13.3 22.5 15:34 7.9 02:05 5.2 0.2 0.0 0.0 9.3 13:33 NNW 15 12.7 18.1 13:51 7.5 04:41 5.6 0.0 0.0 1.7 24.1 18:32 NNW 16 13.6 21.4 12:28 9.6 22:56 5.0 0.3 0.0 0.9 13.0 10:16 NW 17 13.5 19.9 16:13 8.9 07:52 4.9 0.1 0.0 0.5 16.7 14:33 E 18 11.9 16.9 15:23 6.8 01:02 6.4 0.0 0.0 1.1 16.7 12:44 E 19 12.2 18.0 16:31 6.7 23:59 6.1 0.0 0.0 2.6 16.7 06:02 NNW 20 11.3 18.9 10:37 2.7 06:31 7.0 0.0 0.0 1.9 20.4 23:45 W 21 14.7 21.3 14:40 11.3 01:32 3.8 0.2 0.0 6.0 25.9 14:14 ESE 22 14.5 18.2 13:13 11.2 23:51 3.8 0.0 0.0 5.2 31.5 04:17 WSW 23 13.1 20.2 13:06 7.8 22:49 5.3 0.0 0.0 3.6 24.1 11:08 WSW 24 12.9 19.0 17:06 7.9 00:42 5.4 0.0 0.0 2.1 20.4 15:05 WSW 25 14.9 21.6 15:53 11.4 00:42 3.7 0.3 0.0 3.3 24.1 15:27 W 26 15.8 23.2 12:03 12.5 06:55 2.9 0.4 0.0 1.2 16.7 00:00 NW 27 15.0 19.4 11:49 13.0 04:26 3.3 0.0 0.0 2.3 22.2 16:43 W 28 14.8 18.6 14:23 13.1 22:48 3.5 0.0 0.0 3.9 27.8 14:50 W 29 14.6 19.0 17:59 12.4 22:34 3.8 0.0 0.0 3.1 22.2 10:15 WNW 30 14.7 21.4 16:09 11.2 05:33 3.8 0.2 0.0 3.0 22.2 14:00 WNW ---------------------------------------------------------------------------------- 13.8 29.1 11 2.7 20 145.6 11.1 6.0 2.8 44.4 6 NW Max >= 27.0 3 Max <= 0.0 0 Min <= 0.0 0 Min <= -18.0 0 Max Rain: 6.0 on day 1 Days of Rain: 1 (>= 0.2 mm) 1 (>= 2.0 mm) 0 (>= 20.0 mm) Heat Base: 18.3 Cool Base: 18.3 Method: Integration