NOAA-Style Climate Reports
Select a Year or Month report
2024: Jan Feb Mar Apr May Jun Jul Aug Sep Oct Nov Dec
2023: Jan Feb Mar Apr May Jun Jul Aug Sep Oct Nov Dec
2022: Jan Feb Mar Apr May Jun Jul Aug Sep Oct Nov Dec
2021: Jan Feb Mar Apr May Jun Jul Aug Sep Oct Nov Dec
2020: Jan Feb Mar Apr May Jun Jul Aug Sep Oct Nov Dec
2019: Jan Feb Mar Apr May Jun Jul Aug Sep Oct Nov Dec
2018: Jan Feb Mar Apr May Jun Jul Aug Sep Oct Nov Dec
2017: Jan Feb Mar Apr May Jun Jul Aug Sep Oct Nov Dec
2016: Jan Feb Mar Apr May Jun Jul Aug Sep Oct Nov Dec
2015: Jan Feb Mar Apr May Jun Jul Aug Sep Oct Nov Dec
2014: Jan Feb Mar Apr May Jun Jul Aug Sep Oct Nov Dec
2013: Jan Feb Mar Apr May Jun Jul Aug Sep Oct Nov Dec
2012: Jan Feb Mar Apr May Jun Jul Aug Sep Oct Nov Dec
2011: Jan Feb Mar Apr May Jun Jul Aug Sep Oct Nov Dec
2010: Jan Feb Mar Apr May Jun Jul Aug Sep Oct Nov Dec
2009: Jan Feb Mar Apr May Jun Jul Aug Sep Oct Nov Dec
2008: Jan Feb Mar Apr May Jun Jul Aug Sep Oct Nov Dec
2024: Jan Feb Mar Apr May Jun Jul Aug Sep Oct Nov Dec
2023: Jan Feb Mar Apr May Jun Jul Aug Sep Oct Nov Dec
2022: Jan Feb Mar Apr May Jun Jul Aug Sep Oct Nov Dec
2021: Jan Feb Mar Apr May Jun Jul Aug Sep Oct Nov Dec
2020: Jan Feb Mar Apr May Jun Jul Aug Sep Oct Nov Dec
2019: Jan Feb Mar Apr May Jun Jul Aug Sep Oct Nov Dec
2018: Jan Feb Mar Apr May Jun Jul Aug Sep Oct Nov Dec
2017: Jan Feb Mar Apr May Jun Jul Aug Sep Oct Nov Dec
2016: Jan Feb Mar Apr May Jun Jul Aug Sep Oct Nov Dec
2015: Jan Feb Mar Apr May Jun Jul Aug Sep Oct Nov Dec
2014: Jan Feb Mar Apr May Jun Jul Aug Sep Oct Nov Dec
2013: Jan Feb Mar Apr May Jun Jul Aug Sep Oct Nov Dec
2012: Jan Feb Mar Apr May Jun Jul Aug Sep Oct Nov Dec
2011: Jan Feb Mar Apr May Jun Jul Aug Sep Oct Nov Dec
2010: Jan Feb Mar Apr May Jun Jul Aug Sep Oct Nov Dec
2009: Jan Feb Mar Apr May Jun Jul Aug Sep Oct Nov Dec
2008: Jan Feb Mar Apr May Jun Jul Aug Sep Oct Nov Dec
Report for 2009 July
Monthly Climatological Summary for Jul 2009 Name: Garrymore Weather City: Geashill State: Offaly Elevation: 80 m Lat: N 53° 10' 05" Lon: W 007° 21' 37" Temperature (°C), Rain (mm), Wind Speed (km/h) Heat Cool Avg Mean Deg Deg Wind Dom Day Temp High Time Low Time Days Days Rain Speed High Time Dir ---------------------------------------------------------------------------------- 01 19.2 23.4 14:03 17.3 05:24 0.3 1.2 5.1 5.1 92.6 01:57 NE 02 18.3 21.0 15:54 16.5 05:09 0.6 0.6 11.4 2.0 20.4 22:19 ESE 03 19.0 24.5 13:32 14.3 23:57 1.0 1.7 6.3 4.9 29.6 18:31 SSE 04 17.0 23.3 15:42 12.7 23:52 2.2 0.9 0.3 5.8 35.2 16:37 SSE 05 15.2 20.9 14:15 9.8 03:15 3.4 0.2 4.8 3.5 31.5 12:58 SSE 06 14.0 20.8 11:49 7.1 05:27 4.3 0.1 9.0 2.1 20.4 13:42 WNW 07 16.0 20.6 12:38 11.9 23:35 2.7 0.3 0.3 7.9 35.2 17:37 NW 08 15.0 20.7 17:49 10.9 05:31 3.5 0.1 0.0 4.5 24.1 16:05 WNW 09 14.7 20.5 17:58 9.2 23:56 3.6 0.1 0.0 2.5 16.7 09:54 WNW 10 13.9 19.0 08:03 7.8 04:32 4.4 0.0 1.2 1.9 16.7 12:22 SSE 11 16.6 20.4 11:49 14.3 03:19 2.0 0.2 15.3 4.6 38.9 20:28 SE 12 16.5 22.2 18:52 12.9 04:49 2.2 0.4 0.3 5.4 27.8 00:30 SSW 13 14.9 20.9 19:35 10.8 05:56 3.5 0.2 21.0 3.2 29.6 11:52 SE 14 14.8 22.0 13:28 11.0 00:26 3.7 0.2 15.3 1.5 46.3 13:58 SE 15 16.5 25.0 13:25 10.0 01:44 3.4 1.6 0.3 2.4 92.6 14:41 W 16 15.5 22.9 13:29 10.0 02:15 3.3 0.5 0.0 1.4 18.5 22:42 WNW 17 15.4 20.7 15:37 11.3 02:21 3.2 0.3 2.1 8.7 37.0 13:43 NW 18 14.6 19.4 11:42 11.3 01:14 3.7 0.0 12.3 1.6 16.7 12:27 W 19 14.5 21.8 13:45 11.6 23:30 4.0 0.2 11.1 2.3 25.9 13:47 WNW 20 16.0 22.4 13:21 10.7 05:09 2.9 0.5 0.0 4.1 24.1 14:40 S 21 15.7 22.3 13:38 10.1 01:21 3.3 0.7 11.7 6.2 38.9 12:40 SSE 22 17.0 22.5 17:48 13.4 03:33 2.1 0.8 1.8 3.2 24.1 18:19 SSW 23 15.1 21.2 13:41 12.1 03:55 3.5 0.2 4.2 3.1 31.5 15:44 S 24 15.9 22.6 13:30 10.9 23:37 3.0 0.6 5.1 2.0 18.5 16:49 WSW 25 15.5 23.4 14:44 7.2 05:37 3.5 0.6 0.0 4.0 27.8 16:23 SSE 26 16.2 20.0 14:25 12.7 03:31 2.2 0.1 9.3 8.5 38.9 15:53 S 27 16.4 21.9 13:45 11.7 23:43 2.6 0.7 0.0 4.7 27.8 12:35 SSW 28 14.3 18.4 13:51 11.0 01:23 4.0 0.0 9.3 6.4 33.3 14:09 S 29 15.3 23.8 13:39 10.4 06:30 3.6 0.6 1.8 3.2 27.8 14:26 SSW 30 15.5 22.2 18:30 9.7 02:39 3.6 0.7 0.6 3.3 24.1 12:59 SW 31 14.0 16.1 16:40 11.0 02:52 4.3 0.0 6.6 8.4 38.9 15:05 SSE ---------------------------------------------------------------------------------- 15.8 25.0 15 7.1 6 93.6 14.3 166.5 4.1 92.6 1 S Max >= 27.0 0 Max <= 0.0 0 Min <= 0.0 0 Min <= -18.0 0 Max Rain: 21.0 on day 13 Days of Rain: 25 (>= 0.2 mm) 17 (>= 2.0 mm) 1 (>= 20.0 mm) Heat Base: 18.3 Cool Base: 18.3 Method: Integration