NOAA-Style Climate Reports
Select a Year or Month report
2024: Jan Feb Mar Apr May Jun Jul Aug Sep Oct Nov Dec
2023: Jan Feb Mar Apr May Jun Jul Aug Sep Oct Nov Dec
2022: Jan Feb Mar Apr May Jun Jul Aug Sep Oct Nov Dec
2021: Jan Feb Mar Apr May Jun Jul Aug Sep Oct Nov Dec
2020: Jan Feb Mar Apr May Jun Jul Aug Sep Oct Nov Dec
2019: Jan Feb Mar Apr May Jun Jul Aug Sep Oct Nov Dec
2018: Jan Feb Mar Apr May Jun Jul Aug Sep Oct Nov Dec
2017: Jan Feb Mar Apr May Jun Jul Aug Sep Oct Nov Dec
2016: Jan Feb Mar Apr May Jun Jul Aug Sep Oct Nov Dec
2015: Jan Feb Mar Apr May Jun Jul Aug Sep Oct Nov Dec
2014: Jan Feb Mar Apr May Jun Jul Aug Sep Oct Nov Dec
2013: Jan Feb Mar Apr May Jun Jul Aug Sep Oct Nov Dec
2012: Jan Feb Mar Apr May Jun Jul Aug Sep Oct Nov Dec
2011: Jan Feb Mar Apr May Jun Jul Aug Sep Oct Nov Dec
2010: Jan Feb Mar Apr May Jun Jul Aug Sep Oct Nov Dec
2009: Jan Feb Mar Apr May Jun Jul Aug Sep Oct Nov Dec
2008: Jan Feb Mar Apr May Jun Jul Aug Sep Oct Nov Dec
2024: Jan Feb Mar Apr May Jun Jul Aug Sep Oct Nov Dec
2023: Jan Feb Mar Apr May Jun Jul Aug Sep Oct Nov Dec
2022: Jan Feb Mar Apr May Jun Jul Aug Sep Oct Nov Dec
2021: Jan Feb Mar Apr May Jun Jul Aug Sep Oct Nov Dec
2020: Jan Feb Mar Apr May Jun Jul Aug Sep Oct Nov Dec
2019: Jan Feb Mar Apr May Jun Jul Aug Sep Oct Nov Dec
2018: Jan Feb Mar Apr May Jun Jul Aug Sep Oct Nov Dec
2017: Jan Feb Mar Apr May Jun Jul Aug Sep Oct Nov Dec
2016: Jan Feb Mar Apr May Jun Jul Aug Sep Oct Nov Dec
2015: Jan Feb Mar Apr May Jun Jul Aug Sep Oct Nov Dec
2014: Jan Feb Mar Apr May Jun Jul Aug Sep Oct Nov Dec
2013: Jan Feb Mar Apr May Jun Jul Aug Sep Oct Nov Dec
2012: Jan Feb Mar Apr May Jun Jul Aug Sep Oct Nov Dec
2011: Jan Feb Mar Apr May Jun Jul Aug Sep Oct Nov Dec
2010: Jan Feb Mar Apr May Jun Jul Aug Sep Oct Nov Dec
2009: Jan Feb Mar Apr May Jun Jul Aug Sep Oct Nov Dec
2008: Jan Feb Mar Apr May Jun Jul Aug Sep Oct Nov Dec
Report for 2008 November
Monthly Climatological Summary for Nov 2008 Name: Garrymore Weather City: Geashill State: Offaly Elevation: 80 m Lat: N 53° 10' 05" Lon: W 007° 21' 37" Temperature (°C), Rain (mm), Wind Speed (km/h) Heat Cool Avg Mean Deg Deg Wind Dom Day Temp High Time Low Time Days Days Rain Speed High Time Dir ---------------------------------------------------------------------------------- 01 4.9 13.4 11:39 -0.2 04:17 13.4 0.0 0.0 2.7 18.5 13:35 NNW 02 6.5 13.3 14:26 1.8 06:49 11.8 0.0 0.0 1.7 13.0 10:53 NW 03 6.4 11.5 15:30 3.5 23:55 11.9 0.0 0.0 1.8 13.0 13:12 NW 04 6.7 10.1 13:56 1.4 02:33 11.6 0.0 0.0 0.6 9.3 02:21 NW 05 9.1 11.9 13:15 7.6 20:42 9.3 0.0 0.0 0.0 5.6 12:32 SSE 06 8.8 11.6 13:10 6.4 05:21 9.5 0.0 2.7 4.2 27.8 19:48 SE 07 7.6 9.2 10:20 4.3 04:23 10.7 0.0 3.3 7.6 37.0 09:17 S 08 8.3 12.1 12:19 3.7 22:08 10.0 0.0 5.1 6.0 48.2 15:02 S 09 4.7 9.9 12:34 1.9 03:35 13.6 0.0 3.6 9.1 42.6 10:03 S 10 7.2 11.3 12:27 4.2 01:24 11.1 0.0 3.9 10.1 42.6 02:02 S 11 7.4 12.3 13:37 4.8 03:51 10.9 0.0 2.1 6.2 29.6 00:36 WNW 12 7.1 14.0 13:58 4.1 06:44 11.2 0.0 0.0 3.7 16.7 02:25 W 13 10.8 12.6 13:58 4.9 07:05 7.3 0.0 4.8 5.4 25.9 17:54 SW 14 12.6 13.5 11:32 11.5 07:53 5.7 0.0 0.0 6.3 35.2 15:03 SSW 15 11.4 13.2 02:13 9.5 22:50 6.9 0.0 1.2 2.4 25.9 00:25 WSW 16 9.0 10.5 13:44 8.1 20:33 9.3 0.0 6.0 0.2 9.3 23:44 SSE 17 10.3 11.6 13:30 8.3 23:59 8.0 0.0 1.8 6.8 42.6 20:15 WSW 18 9.4 12.1 14:07 7.3 07:24 8.9 0.0 0.0 5.4 27.8 12:47 NW 19 9.6 12.2 21:47 5.1 07:34 8.7 0.0 0.3 5.0 31.5 12:22 NW 20 11.5 12.9 12:52 10.4 07:55 6.8 0.0 1.5 10.0 35.2 12:00 NW 21 8.9 10.9 00:00 7.1 21:54 9.4 0.0 1.2 10.8 40.7 00:58 NW 22 8.3 9.4 13:21 6.8 21:07 10.0 0.0 0.9 6.9 31.5 07:00 NW 23 6.9 10.9 03:51 3.7 19:11 11.4 0.0 9.3 10.7 50.0 05:25 NW 24 5.8 9.6 11:55 0.9 21:30 12.5 0.0 1.8 10.0 51.9 02:08 NNW 25 5.3 9.4 23:38 1.0 07:03 13.0 0.0 0.0 3.7 22.2 01:10 NW 26 9.9 11.3 10:40 8.6 07:53 8.4 0.0 1.2 3.9 24.1 23:12 WSW 27 6.9 10.5 13:24 1.4 23:39 11.4 0.0 1.8 5.5 27.8 10:46 SSW 28 1.7 11.7 13:09 -3.3 22:59 16.6 0.0 0.3 1.1 13.0 02:10 S 29 -1.2 7.3 11:03 -5.0 06:37 19.5 0.0 0.0 0.3 9.3 03:27 SW 30 0.0 5.6 14:14 -2.9 05:48 18.3 0.0 0.3 2.5 16.7 14:21 NW ---------------------------------------------------------------------------------- 7.4 14.0 12 -5.0 29 327.1 0.0 53.1 5.0 51.9 24 W Max >= 27.0 0 Max <= 0.0 0 Min <= 0.0 4 Min <= -18.0 0 Max Rain: 9.3 on day 23 Days of Rain: 20 (>= 0.2 mm) 9 (>= 2.0 mm) 0 (>= 20.0 mm) Heat Base: 18.3 Cool Base: 18.3 Method: Integration